CRAN Package Check Results for Package learningr

Last updated on 2025-07-03 03:49:45 CEST.

Flavor Version Tinstall Tcheck Ttotal Status Flags
r-devel-linux-x86_64-debian-clang 0.29.1 1.75 19.73 21.48 NOTE
r-devel-linux-x86_64-debian-gcc 0.29.1 1.63 16.73 18.36 NOTE
r-devel-linux-x86_64-fedora-clang 0.29.1 32.83 OK
r-devel-linux-x86_64-fedora-gcc 0.29.1 31.82 OK
r-devel-windows-x86_64 0.29.1 3.00 42.00 45.00 OK
r-patched-linux-x86_64 0.29.1 1.76 18.42 20.18 OK
r-release-linux-x86_64 0.29.1 1.67 18.54 20.21 OK
r-release-macos-arm64 0.29.1 17.00 OK
r-release-macos-x86_64 0.29.1 29.00 OK
r-release-windows-x86_64 0.29.1 3.00 42.00 45.00 OK
r-oldrel-macos-arm64 0.29.1 15.00 OK
r-oldrel-macos-x86_64 0.29.1 21.00 OK
r-oldrel-windows-x86_64 0.29.1 4.00 47.00 51.00 OK

Check Details

Version: 0.29.1
Check: CRAN incoming feasibility
Result: NOTE Maintainer: ‘Richie Cotton <richierocks@gmail.com>’ No Authors@R field in DESCRIPTION. Please add one, modifying Authors@R: person(given = "Richie", family = "Cotton", role = c("aut", "cre"), email = "richierocks@gmail.com") as necessary. Flavors: r-devel-linux-x86_64-debian-clang, r-devel-linux-x86_64-debian-gcc

These binaries (installable software) and packages are in development.
They may not be fully stable and should be used with caution. We make no claims about them.