Last updated on 2025-05-01 08:52:37 CEST.
Flavor | Version | Tinstall | Tcheck | Ttotal | Status | Flags |
---|---|---|---|---|---|---|
r-devel-linux-x86_64-debian-clang | 2.0.12 | 4.04 | 52.55 | 56.59 | NOTE | |
r-devel-linux-x86_64-debian-gcc | 2.0.12 | 2.53 | 38.25 | 40.78 | NOTE | |
r-devel-linux-x86_64-fedora-clang | 2.0.12 | 95.53 | OK | |||
r-devel-linux-x86_64-fedora-gcc | 2.0.12 | 90.63 | OK | |||
r-devel-windows-x86_64 | 2.0.12 | 6.00 | 95.00 | 101.00 | OK | |
r-patched-linux-x86_64 | 2.0.12 | 3.82 | 49.75 | 53.57 | OK | |
r-release-linux-x86_64 | OK | |||||
r-release-macos-arm64 | 2.0.12 | 41.00 | OK | |||
r-release-macos-x86_64 | 2.0.12 | 68.00 | OK | |||
r-release-windows-x86_64 | 2.0.12 | 5.00 | 100.00 | 105.00 | OK | |
r-oldrel-macos-arm64 | 2.0.12 | 36.00 | OK | |||
r-oldrel-macos-x86_64 | 2.0.12 | 57.00 | OK | |||
r-oldrel-windows-x86_64 | 2.0.12 | 6.00 | 108.00 | 114.00 | OK |
Version: 2.0.12
Check: CRAN incoming feasibility
Result: NOTE
Maintainer: ‘Joseph Lewis <josephlewis1992@gmail.com>’
The URL field contains the following bad parts:
Available
at:
The URL field should be a list of URLs separated by commas or
whitespace.
Flavors: r-devel-linux-x86_64-debian-clang, r-devel-linux-x86_64-debian-gcc
Version: 2.0.12
Check: examples
Result: NOTE
Examples with CPU (user + system) or elapsed time > 5s
user system elapsed
PDI_validation 9.483 0.222 12.579
create_lcp_density 1.478 0.031 15.316
create_FETE_lcps 0.230 0.067 12.505
Flavor: r-devel-linux-x86_64-debian-clang
Version: 2.0.12
Check: examples
Result: NA
user system elapsed
PDI_validation 6.082 0.216 7.620
create_lcp_density 0.916 0.063 8.903
create_FETE_lcps 0.172 0.012 7.129
OK
Flavor: r-devel-linux-x86_64-debian-gcc
These binaries (installable software) and packages are in development.
They may not be fully stable and should be used with caution. We make no claims about them.