Last updated on 2025-02-07 08:51:25 CET.
Flavor | Version | Tinstall | Tcheck | Ttotal | Status | Flags |
---|---|---|---|---|---|---|
r-devel-linux-x86_64-debian-clang | 6.3.2 | 1181.87 | 203.82 | 1385.69 | OK | |
r-devel-linux-x86_64-debian-gcc | 6.3.2 | 563.19 | 139.59 | 702.78 | OK | |
r-devel-linux-x86_64-fedora-clang | 6.3.2 | 1548.08 | OK | |||
r-devel-linux-x86_64-fedora-gcc | 6.3.2 | 1762.28 | OK | |||
r-devel-windows-x86_64 | 6.3.2 | 686.00 | 282.00 | 968.00 | OK | |
r-patched-linux-x86_64 | 6.3.2 | 788.94 | 191.19 | 980.13 | OK | |
r-release-linux-x86_64 | 6.3.2 | 773.73 | 194.07 | 967.80 | OK | |
r-release-macos-arm64 | 6.3.2 | 458.00 | NOTE | |||
r-release-macos-x86_64 | 6.3.2 | 576.00 | NOTE | |||
r-release-windows-x86_64 | 6.3.2 | 678.00 | 280.00 | 958.00 | NOTE | |
r-oldrel-macos-arm64 | 6.3.2 | 438.00 | NOTE | |||
r-oldrel-macos-x86_64 | 6.3.2 | 562.00 | NOTE | |||
r-oldrel-windows-x86_64 | 6.3.2 | 873.00 | 333.00 | 1206.00 | NOTE |
Version: 6.3.2
Check: installed package size
Result: NOTE
installed size is 72.9Mb
sub-directories of 1Mb or more:
doc 2.5Mb
libs 68.5Mb
Flavors: r-release-macos-arm64, r-release-macos-x86_64, r-release-windows-x86_64, r-oldrel-macos-arm64, r-oldrel-macos-x86_64, r-oldrel-windows-x86_64
These binaries (installable software) and packages are in development.
They may not be fully stable and should be used with caution. We make no claims about them.