Last updated on 2025-05-21 21:49:20 CEST.
Flavor | Version | Tinstall | Tcheck | Ttotal | Status | Flags |
---|---|---|---|---|---|---|
r-devel-linux-x86_64-debian-clang | 6.5.0 | 1180.40 | 200.54 | 1380.94 | OK | |
r-devel-linux-x86_64-debian-gcc | 6.5.0 | 580.89 | 135.86 | 716.75 | OK | |
r-devel-linux-x86_64-fedora-clang | 6.5.0 | 1613.27 | OK | |||
r-devel-linux-x86_64-fedora-gcc | 6.5.0 | 1964.82 | OK | |||
r-devel-windows-x86_64 | 6.5.0 | 639.00 | 293.00 | 932.00 | OK | |
r-patched-linux-x86_64 | 6.5.0 | 774.78 | 190.55 | 965.33 | OK | |
r-release-linux-x86_64 | 6.5.0 | 787.41 | 191.29 | 978.70 | OK | |
r-release-macos-arm64 | 6.5.0 | 341.00 | OK | |||
r-release-macos-x86_64 | 6.5.0 | 507.00 | OK | |||
r-release-windows-x86_64 | 6.5.0 | 620.00 | 284.00 | 904.00 | OK | |
r-oldrel-macos-arm64 | 6.5.0 | 416.00 | NOTE | |||
r-oldrel-macos-x86_64 | 6.5.0 | 569.00 | NOTE | |||
r-oldrel-windows-x86_64 | 6.5.0 | 1005.00 | 342.00 | 1347.00 | NOTE |
Version: 6.5.0
Check: installed package size
Result: NOTE
installed size is 74.7Mb
sub-directories of 1Mb or more:
doc 2.5Mb
libs 70.2Mb
Flavors: r-oldrel-macos-arm64, r-oldrel-macos-x86_64, r-oldrel-windows-x86_64
These binaries (installable software) and packages are in development.
They may not be fully stable and should be used with caution. We make no claims about them.