CRAN Package Check Results for Package legendry

Last updated on 2025-10-23 17:50:52 CEST.

Flavor Version Tinstall Tcheck Ttotal Status Flags
r-devel-linux-x86_64-debian-clang 0.2.4 16.29 151.49 167.78 NOTE
r-devel-linux-x86_64-debian-gcc 0.2.4 10.53 101.29 111.82 OK
r-devel-linux-x86_64-fedora-clang 0.2.4 88.00 195.68 283.68 OK
r-devel-linux-x86_64-fedora-gcc 0.2.4 35.00 208.66 243.66 OK
r-devel-windows-x86_64 0.2.4 18.00 147.00 165.00 OK
r-patched-linux-x86_64 0.2.4 17.57 140.11 157.68 OK
r-release-linux-x86_64 0.2.4 16.15 140.92 157.07 OK
r-release-macos-arm64 0.2.4 7.00 57.00 64.00 OK
r-release-macos-x86_64 0.2.4 16.00 122.00 138.00 OK
r-release-windows-x86_64 0.2.4 18.00 147.00 165.00 OK
r-oldrel-macos-arm64 0.2.4 7.00 61.00 68.00 OK
r-oldrel-macos-x86_64 0.2.4 13.00 120.00 133.00 OK
r-oldrel-windows-x86_64 0.2.4 25.00 195.00 220.00 OK

Check Details

Version: 0.2.4
Check: HTML version of manual
Result: NOTE Found the following HTML validation problems: common_parameters.html:98:1 (common_parameters.Rd:43): Warning: missing </ul> before </div> Flavor: r-devel-linux-x86_64-debian-clang

These binaries (installable software) and packages are in development.
They may not be fully stable and should be used with caution. We make no claims about them.