Last updated on 2025-02-16 08:50:51 CET.
Flavor | Version | Tinstall | Tcheck | Ttotal | Status | Flags |
---|---|---|---|---|---|---|
r-devel-linux-x86_64-debian-clang | 0.2.1 | 55.98 | 472.16 | 528.14 | OK | |
r-devel-linux-x86_64-debian-gcc | 0.2.1 | 43.61 | 277.81 | 321.42 | OK | |
r-devel-linux-x86_64-fedora-clang | 0.2.1 | 887.61 | OK | |||
r-devel-linux-x86_64-fedora-gcc | 0.2.1 | 827.49 | OK | |||
r-devel-macos-arm64 | 0.2.1 | 141.00 | OK | |||
r-devel-macos-x86_64 | 0.2.1 | 366.00 | OK | |||
r-devel-windows-x86_64 | 0.2.1 | 59.00 | 341.00 | 400.00 | OK | |
r-patched-linux-x86_64 | 0.2.1 | 61.21 | 443.04 | 504.25 | OK | |
r-release-linux-x86_64 | 0.2.1 | 59.01 | 452.87 | 511.88 | OK | |
r-release-macos-arm64 | 0.2.1 | 172.00 | NOTE | |||
r-release-macos-x86_64 | 0.2.1 | 329.00 | NOTE | |||
r-release-windows-x86_64 | 0.2.1 | 61.00 | 348.00 | 409.00 | NOTE | |
r-oldrel-macos-arm64 | 0.1.2 | 74.00 | OK | |||
r-oldrel-macos-x86_64 | 0.2.1 | 407.00 | NOTE | |||
r-oldrel-windows-x86_64 | 0.2.1 | 72.00 | 489.00 | 561.00 | NOTE |
Version: 0.2.1
Check: installed package size
Result: NOTE
installed size is 6.0Mb
sub-directories of 1Mb or more:
libs 4.9Mb
Flavors: r-release-macos-arm64, r-release-macos-x86_64, r-oldrel-macos-x86_64
Version: 0.2.1
Check: package dependencies
Result: NOTE
Package suggested but not available for checking: 'doMC'
Flavors: r-release-windows-x86_64, r-oldrel-windows-x86_64
These binaries (installable software) and packages are in development.
They may not be fully stable and should be used with caution. We make no claims about them.