CRAN Package Check Results for Package legion

Last updated on 2025-11-12 19:51:53 CET.

Flavor Version Tinstall Tcheck Ttotal Status Flags
r-devel-linux-x86_64-debian-clang 0.2.1 54.24 463.65 517.89 OK
r-devel-linux-x86_64-debian-gcc 0.2.1 41.53 291.00 332.53 OK
r-devel-linux-x86_64-fedora-clang 0.2.1 266.00 649.43 915.43 OK
r-devel-linux-x86_64-fedora-gcc 0.2.1 137.00 680.54 817.54 OK
r-devel-windows-x86_64 0.2.1 68.00 364.00 432.00 OK
r-patched-linux-x86_64 0.2.1 55.50 462.57 518.07 OK
r-release-linux-x86_64 0.2.1 58.90 469.73 528.63 OK
r-release-macos-arm64 0.2.1 30.00 278.00 308.00 OK
r-release-macos-x86_64 0.2.1 61.00 464.00 525.00 OK
r-release-windows-x86_64 0.2.1 67.00 386.00 453.00 OK
r-oldrel-macos-arm64 0.2.1 21.00 151.00 172.00 NOTE
r-oldrel-macos-x86_64 0.2.1 36.00 293.00 329.00 NOTE
r-oldrel-windows-x86_64 0.2.1 83.00 523.00 606.00 NOTE

Check Details

Version: 0.2.1
Check: installed package size
Result: NOTE installed size is 6.0Mb sub-directories of 1Mb or more: libs 4.9Mb Flavors: r-oldrel-macos-arm64, r-oldrel-macos-x86_64

Version: 0.2.1
Check: package dependencies
Result: NOTE Package suggested but not available for checking: 'doMC' Flavor: r-oldrel-windows-x86_64

These binaries (installable software) and packages are in development.
They may not be fully stable and should be used with caution. We make no claims about them.