Last updated on 2025-02-23 07:51:57 CET.
Flavor | Version | Tinstall | Tcheck | Ttotal | Status | Flags |
---|---|---|---|---|---|---|
r-devel-linux-x86_64-debian-clang | 1.1.4 | 185.20 | 79.55 | 264.75 | OK | |
r-devel-linux-x86_64-debian-gcc | 1.1.4 | 135.76 | 58.25 | 194.01 | OK | |
r-devel-macos-arm64 | 1.1.4 | 128.00 | OK | |||
r-devel-macos-x86_64 | 1.1.4 | 135.00 | OK | |||
r-devel-windows-x86_64 | 1.1.4 | 275.00 | 113.00 | 388.00 | OK | |
r-patched-linux-x86_64 | 1.1.4 | 201.02 | 75.98 | 277.00 | NOTE | |
r-release-linux-x86_64 | 1.1.4 | 195.63 | 75.96 | 271.59 | NOTE | |
r-release-macos-arm64 | 1.1.4 | 112.00 | NOTE | |||
r-release-macos-x86_64 | 1.1.4 | 125.00 | NOTE | |||
r-release-windows-x86_64 | 1.1.4 | 322.00 | 113.00 | 435.00 | NOTE | |
r-oldrel-macos-arm64 | 1.1.4 | 114.00 | NOTE | |||
r-oldrel-macos-x86_64 | 1.1.4 | 119.00 | NOTE | |||
r-oldrel-windows-x86_64 | 1.1.4 | 347.00 | 138.00 | 485.00 | NOTE |
Version: 1.1.4
Check: for GNU extensions in Makefiles
Result: NOTE
GNU make is a SystemRequirements.
Flavors: r-patched-linux-x86_64, r-release-linux-x86_64, r-release-macos-arm64, r-release-macos-x86_64, r-release-windows-x86_64, r-oldrel-macos-arm64, r-oldrel-macos-x86_64, r-oldrel-windows-x86_64
These binaries (installable software) and packages are in development.
They may not be fully stable and should be used with caution. We make no claims about them.