Last updated on 2025-07-02 03:50:44 CEST.
Flavor | Version | Tinstall | Tcheck | Ttotal | Status | Flags |
---|---|---|---|---|---|---|
r-devel-linux-x86_64-debian-clang | 1.1.5 | 192.08 | 89.03 | 281.11 | OK | |
r-devel-linux-x86_64-debian-gcc | 1.1.5 | 135.78 | 64.28 | 200.06 | OK | |
r-devel-windows-x86_64 | 1.1.5 | 322.00 | 116.00 | 438.00 | OK | |
r-patched-linux-x86_64 | OK | |||||
r-release-linux-x86_64 | 1.1.5 | 185.92 | 82.52 | 268.44 | OK | |
r-release-macos-arm64 | 1.1.5 | 98.00 | OK | |||
r-release-macos-x86_64 | 1.1.5 | 151.00 | OK | |||
r-release-windows-x86_64 | 1.1.5 | 304.00 | 115.00 | 419.00 | OK | |
r-oldrel-macos-arm64 | 1.1.5 | 121.00 | NOTE | |||
r-oldrel-macos-x86_64 | 1.1.5 | 145.00 | NOTE | |||
r-oldrel-windows-x86_64 | 1.1.5 | 375.00 | 140.00 | 515.00 | NOTE |
Version: 1.1.5
Check: for GNU extensions in Makefiles
Result: NOTE
GNU make is a SystemRequirements.
Flavors: r-oldrel-macos-arm64, r-oldrel-macos-x86_64, r-oldrel-windows-x86_64
These binaries (installable software) and packages are in development.
They may not be fully stable and should be used with caution. We make no claims about them.