CRAN Package Check Results for Package leiv

Last updated on 2025-11-11 15:50:37 CET.

Flavor Version Tinstall Tcheck Ttotal Status Flags
r-devel-linux-x86_64-debian-clang 2.0-7 1.96 28.12 30.08 NOTE
r-devel-linux-x86_64-debian-gcc 2.0-7 1.51 22.56 24.07 NOTE
r-devel-linux-x86_64-fedora-clang 2.0-7 10.00 37.69 47.69 OK
r-devel-linux-x86_64-fedora-gcc 2.0-7 58.01 OK
r-devel-windows-x86_64 2.0-7 3.00 52.00 55.00 OK
r-patched-linux-x86_64 2.0-7 1.91 27.14 29.05 OK
r-release-linux-x86_64 2.0-7 2.10 26.93 29.03 OK
r-release-macos-arm64 2.0-7 1.00 23.00 24.00 OK
r-release-macos-x86_64 2.0-7 2.00 45.00 47.00 OK
r-release-windows-x86_64 2.0-7 3.00 52.00 55.00 OK
r-oldrel-macos-arm64 2.0-7 1.00 22.00 23.00 OK
r-oldrel-macos-x86_64 2.0-7 2.00 34.00 36.00 OK
r-oldrel-windows-x86_64 2.0-7 2.00 55.00 57.00 OK

Check Details

Version: 2.0-7
Check: CRAN incoming feasibility
Result: NOTE Maintainer: ‘David Leonard <davidsleonard@outlook.com>’ Package CITATION file contains call(s) to old-style personList() or as.personList(). Please use c() on person objects instead. Package CITATION file contains call(s) to old-style citEntry(). Please use bibentry() instead. Flavors: r-devel-linux-x86_64-debian-clang, r-devel-linux-x86_64-debian-gcc

These binaries (installable software) and packages are in development.
They may not be fully stable and should be used with caution. We make no claims about them.