CRAN Package Check Results for Package lemna

Last updated on 2025-02-02 14:48:26 CET.

Flavor Version Tinstall Tcheck Ttotal Status Flags
r-devel-linux-x86_64-debian-clang 1.0.1 3.16 58.75 61.91 NOTE
r-devel-linux-x86_64-debian-gcc 1.0.1 2.61 42.54 45.15 NOTE
r-devel-linux-x86_64-fedora-clang 1.0.1 101.30 OK
r-devel-linux-x86_64-fedora-gcc 1.0.1 110.91 OK
r-devel-windows-x86_64 1.0.1 7.00 79.00 86.00 NOTE
r-patched-linux-x86_64 1.0.1 6.98 56.41 63.39 OK
r-release-linux-x86_64 1.0.1 2.86 55.86 58.72 OK
r-release-macos-arm64 1.0.1 41.00 OK
r-release-macos-x86_64 1.0.1 58.00 OK
r-release-windows-x86_64 1.0.1 7.00 81.00 88.00 OK
r-oldrel-macos-arm64 1.0.1 63.00 OK
r-oldrel-macos-x86_64 1.0.1 77.00 OK
r-oldrel-windows-x86_64 1.0.1 7.00 91.00 98.00 OK

Check Details

Version: 1.0.1
Check: Rd cross-references
Result: NOTE Found the following Rd file(s) with Rd \link{} targets missing package anchors: lemna.Rd: deSolve Please provide package anchors for all Rd \link{} targets not in the package itself and the base packages. Flavors: r-devel-linux-x86_64-debian-clang, r-devel-linux-x86_64-debian-gcc, r-devel-windows-x86_64

These binaries (installable software) and packages are in development.
They may not be fully stable and should be used with caution. We make no claims about them.