Last updated on 2024-07-27 15:50:22 CEST.
Flavor | Version | Tinstall | Tcheck | Ttotal | Status | Flags |
---|---|---|---|---|---|---|
r-devel-linux-x86_64-debian-clang | 0.0.3 | 3.51 | 29.93 | 33.44 | NOTE | |
r-devel-linux-x86_64-debian-gcc | 0.0.3 | NOTE | ||||
r-devel-linux-x86_64-fedora-clang | 0.0.3 | 42.25 | NOTE | |||
r-devel-linux-x86_64-fedora-gcc | 0.0.3 | 39.65 | NOTE | |||
r-devel-windows-x86_64 | 0.0.3 | 5.00 | 55.00 | 60.00 | NOTE | |
r-patched-linux-x86_64 | 0.0.3 | NOTE | ||||
r-release-linux-x86_64 | 0.0.3 | 2.79 | 28.92 | 31.71 | NOTE | |
r-release-macos-arm64 | 0.0.3 | 17.00 | NOTE | |||
r-release-macos-x86_64 | 0.0.3 | 24.00 | NOTE | |||
r-release-windows-x86_64 | 0.0.3 | 4.00 | 53.00 | 57.00 | NOTE | |
r-oldrel-macos-arm64 | 0.0.3 | 17.00 | NOTE | |||
r-oldrel-macos-x86_64 | 0.0.3 | 25.00 | NOTE | |||
r-oldrel-windows-x86_64 | 0.0.3 | 6.00 | 56.00 | 62.00 | NOTE |
Version: 0.0.3
Check: LazyData
Result: NOTE
'LazyData' is specified without a 'data' directory
Flavors: r-devel-linux-x86_64-debian-clang, r-devel-linux-x86_64-debian-gcc, r-devel-linux-x86_64-fedora-clang, r-devel-linux-x86_64-fedora-gcc, r-devel-windows-x86_64, r-patched-linux-x86_64, r-release-linux-x86_64, r-release-macos-arm64, r-release-macos-x86_64, r-release-windows-x86_64, r-oldrel-macos-arm64, r-oldrel-macos-x86_64, r-oldrel-windows-x86_64
Version: 0.0.3
Check: Rd cross-references
Result: NOTE
Undeclared packages ‘purrr’, ‘dplyr’ in Rd xrefs
Flavor: r-devel-linux-x86_64-fedora-clang
These binaries (installable software) and packages are in development.
They may not be fully stable and should be used with caution. We make no claims about them.