Last updated on 2025-10-23 21:51:31 CEST.
| Flavor | Version | Tinstall | Tcheck | Ttotal | Status | Flags |
|---|---|---|---|---|---|---|
| r-devel-linux-x86_64-debian-clang | 0.4 | 14.39 | 28.09 | 42.48 | NOTE | |
| r-devel-linux-x86_64-debian-gcc | 0.4 | 8.66 | 22.96 | 31.62 | OK | |
| r-devel-linux-x86_64-fedora-clang | 0.4 | 93.00 | -13.76 | 79.24 | OK | |
| r-devel-linux-x86_64-fedora-gcc | 0.4 | 31.00 | 46.73 | 77.73 | OK | |
| r-devel-windows-x86_64 | 0.4 | 17.00 | 68.00 | 85.00 | OK | |
| r-patched-linux-x86_64 | 0.4 | 13.22 | 25.69 | 38.91 | OK | |
| r-release-linux-x86_64 | 0.4 | 13.43 | 25.70 | 39.13 | OK | |
| r-release-macos-arm64 | 0.4 | 9.00 | 27.00 | 36.00 | OK | |
| r-release-macos-x86_64 | 0.4 | 15.00 | 84.00 | 99.00 | OK | |
| r-release-windows-x86_64 | 0.4 | 17.00 | 69.00 | 86.00 | OK | |
| r-oldrel-macos-arm64 | 0.4 | 9.00 | 35.00 | 44.00 | OK | |
| r-oldrel-macos-x86_64 | 0.4 | 13.00 | 72.00 | 85.00 | OK | |
| r-oldrel-windows-x86_64 | 0.4 | 19.00 | 82.00 | 101.00 | OK |
Version: 0.4
Check: HTML version of manual
Result: NOTE
Found the following HTML validation problems:
backward_linkage.html:46:1 (backward_linkage.Rd:10): Warning: missing </ul> before </div>
employment_multiplier.html:50:1 (employment_multiplier.Rd:12): Warning: missing </ul> before </div>
employment_number.html:54:1 (employment_number.Rd:14): Warning: missing </ul> before </div>
forward_linkage.html:46:1 (forward_linkage.Rd:10): Warning: missing </ul> before </div>
income_multiplier.html:50:1 (income_multiplier.Rd:12): Warning: missing </ul> before </div>
multiplier_product_matrix.html:46:1 (multiplier_product_matrix.Rd:10): Warning: missing </ul> before </div>
power_dispersion.html:46:1 (power_dispersion.Rd:10): Warning: missing </ul> before </div>
power_dispersion_cv.html:46:1 (power_dispersion_cv.Rd:10): Warning: missing </ul> before </div>
sensitivity_dispersion.html:46:1 (sensitivity_dispersion.Rd:10): Warning: missing </ul> before </div>
sensitivity_dispersion_cv.html:46:1 (sensitivity_dispersion_cv.Rd:10): Warning: missing </ul> before </div>
Flavor: r-devel-linux-x86_64-debian-clang
These binaries (installable software) and packages are in development.
They may not be fully stable and should be used with caution. We make no claims about them.