Last updated on 2025-07-02 01:51:42 CEST.
Flavor | Version | Tinstall | Tcheck | Ttotal | Status | Flags |
---|---|---|---|---|---|---|
r-devel-linux-x86_64-debian-clang | 0.1.0 | 35.35 | 130.19 | 165.54 | NOTE | |
r-devel-linux-x86_64-debian-gcc | 0.1.0 | 17.75 | 92.32 | 110.07 | NOTE | |
r-devel-linux-x86_64-fedora-clang | 0.1.0 | 255.40 | NOTE | |||
r-devel-linux-x86_64-fedora-gcc | 0.1.0 | 237.51 | NOTE | |||
r-devel-windows-x86_64 | 0.1.0 | 30.00 | 136.00 | 166.00 | OK | |
r-patched-linux-x86_64 | OK | |||||
r-release-linux-x86_64 | 0.1.0 | 32.26 | 120.87 | 153.13 | OK | |
r-release-macos-arm64 | 0.1.0 | 63.00 | OK | |||
r-release-macos-x86_64 | 0.1.0 | 116.00 | OK | |||
r-release-windows-x86_64 | 0.1.0 | 32.00 | 136.00 | 168.00 | OK | |
r-oldrel-macos-arm64 | 0.1.0 | 61.00 | OK | |||
r-oldrel-macos-x86_64 | 0.1.0 | 90.00 | OK | |||
r-oldrel-windows-x86_64 | 0.1.0 | 43.00 | 176.00 | 219.00 | OK |
Version: 0.1.0
Check: CRAN incoming feasibility
Result: NOTE
Maintainer: ‘Burhan Ozer Cavdar <bcavdar17@ku.edu.tr>’
The Description field contains
<arXiv:2112.06251>.
Please refer to arXiv e-prints via their arXiv DOI <doi:10.48550/arXiv.YYMM.NNNNN>.
Flavors: r-devel-linux-x86_64-debian-clang, r-devel-linux-x86_64-debian-gcc
Version: 0.1.0
Check: dependencies in R code
Result: NOTE
Namespace in Imports field not imported from: ‘R6’
All declared Imports should be used.
Flavors: r-devel-linux-x86_64-fedora-clang, r-devel-linux-x86_64-fedora-gcc
These binaries (installable software) and packages are in development.
They may not be fully stable and should be used with caution. We make no claims about them.