Last updated on 2025-02-23 03:50:44 CET.
Flavor | Version | Tinstall | Tcheck | Ttotal | Status | Flags |
---|---|---|---|---|---|---|
r-devel-linux-x86_64-debian-clang | 1.5.5 | 440.70 | 259.67 | 700.37 | NOTE | |
r-devel-linux-x86_64-debian-gcc | 1.5.5 | 335.06 | 168.88 | 503.94 | NOTE | |
r-devel-linux-x86_64-fedora-clang | 1.5.5 | 1236.98 | NOTE | |||
r-devel-linux-x86_64-fedora-gcc | 1.5.5 | 1337.38 | NOTE | |||
r-devel-macos-arm64 | 1.5.5 | 299.00 | OK | |||
r-devel-macos-x86_64 | 1.5.5 | 414.00 | NOTE | |||
r-devel-windows-x86_64 | 1.5.5 | 460.00 | 327.00 | 787.00 | NOTE | |
r-patched-linux-x86_64 | 1.5.5 | 461.49 | 255.13 | 716.62 | NOTE | |
r-release-linux-x86_64 | 1.5.5 | 441.03 | 254.46 | 695.49 | NOTE | |
r-release-macos-arm64 | 1.5.5 | 169.00 | NOTE | |||
r-release-macos-x86_64 | 1.5.5 | 195.00 | NOTE | |||
r-release-windows-x86_64 | 1.5.5 | 460.00 | 334.00 | 794.00 | NOTE | |
r-oldrel-macos-arm64 | 1.5.5 | 305.00 | NOTE | |||
r-oldrel-macos-x86_64 | 1.5.5 | 414.00 | NOTE | |||
r-oldrel-windows-x86_64 | 1.5.5 | 568.00 | 416.00 | 984.00 | NOTE |
Version: 1.5.5
Check: DESCRIPTION meta-information
Result: NOTE
Missing dependency on R >= 4.1.0 because package code uses the pipe
|> or function shorthand \(...) syntax added in R 4.1.0.
File(s) using such syntax:
‘regularizationHelper.R’ ‘stabilitySelection.R’
Flavors: r-devel-linux-x86_64-debian-clang, r-devel-linux-x86_64-debian-gcc, r-devel-linux-x86_64-fedora-clang, r-devel-linux-x86_64-fedora-gcc, r-devel-macos-x86_64, r-devel-windows-x86_64
Version: 1.5.5
Check: Rd cross-references
Result: NOTE
Found the following Rd file(s) with Rd \link{} targets missing package
anchors:
lessSEM.Rd: Stat
Please provide package anchors for all Rd \link{} targets not in the
package itself and the base packages.
Flavors: r-devel-linux-x86_64-debian-clang, r-devel-linux-x86_64-debian-gcc, r-devel-windows-x86_64
Version: 1.5.5
Check: for GNU extensions in Makefiles
Result: NOTE
GNU make is a SystemRequirements.
Flavors: r-patched-linux-x86_64, r-release-linux-x86_64, r-release-macos-arm64, r-release-macos-x86_64, r-release-windows-x86_64, r-oldrel-macos-arm64, r-oldrel-macos-x86_64, r-oldrel-windows-x86_64
Version: 1.5.5
Check: installed package size
Result: NOTE
installed size is 48.5Mb
sub-directories of 1Mb or more:
help 1.1Mb
libs 45.6Mb
Flavors: r-release-macos-arm64, r-release-macos-x86_64, r-release-windows-x86_64, r-oldrel-macos-arm64, r-oldrel-macos-x86_64, r-oldrel-windows-x86_64
These binaries (installable software) and packages are in development.
They may not be fully stable and should be used with caution. We make no claims about them.