CRAN Package Check Results for Package lestat

Last updated on 2025-07-12 19:50:04 CEST.

Flavor Version Tinstall Tcheck Ttotal Status Flags
r-devel-linux-x86_64-debian-clang 1.9 5.46 40.76 46.22 NOTE
r-devel-linux-x86_64-debian-gcc 1.9 3.44 29.63 33.07 NOTE
r-devel-linux-x86_64-fedora-clang 1.9 72.87 OK
r-devel-linux-x86_64-fedora-gcc 1.9 69.43 OK
r-devel-windows-x86_64 1.9 6.00 66.00 72.00 OK
r-patched-linux-x86_64 1.9 6.24 38.49 44.73 OK
r-release-linux-x86_64 1.9 5.68 37.81 43.49 OK
r-release-macos-arm64 1.9 21.00 OK
r-release-macos-x86_64 1.9 40.00 OK
r-release-windows-x86_64 1.9 6.00 147.00 153.00 OK
r-oldrel-macos-arm64 1.9 21.00 OK
r-oldrel-macos-x86_64 1.9 33.00 OK
r-oldrel-windows-x86_64 1.9 6.00 70.00 76.00 OK

Check Details

Version: 1.9
Check: CRAN incoming feasibility
Result: NOTE Maintainer: ‘Petter Mostad <mostad@chalmers.se>’ No Authors@R field in DESCRIPTION. Please add one, modifying Authors@R: person(given = "Petter", family = "Mostad", role = c("aut", "cre"), email = "mostad@chalmers.se") as necessary. Flavors: r-devel-linux-x86_64-debian-clang, r-devel-linux-x86_64-debian-gcc

These binaries (installable software) and packages are in development.
They may not be fully stable and should be used with caution. We make no claims about them.