CRAN Package Check Results for Package letsR

Last updated on 2025-05-08 04:52:09 CEST.

Flavor Version Tinstall Tcheck Ttotal Status Flags
r-devel-linux-x86_64-debian-clang 5.0 26.26 344.37 370.63 NOTE
r-devel-linux-x86_64-debian-gcc 5.0 17.06 227.74 244.80 NOTE
r-devel-linux-x86_64-fedora-clang 5.0 598.74 OK
r-devel-linux-x86_64-fedora-gcc 5.0 593.84 OK
r-devel-windows-x86_64 5.0 24.00 288.00 312.00 NOTE
r-patched-linux-x86_64 5.0 28.02 329.75 357.77 NOTE
r-release-linux-x86_64 5.0 25.24 330.78 356.02 NOTE
r-release-macos-arm64 5.0 246.00 OK
r-release-macos-x86_64 5.0 368.00 OK
r-release-windows-x86_64 5.0 25.00 290.00 315.00 NOTE
r-oldrel-macos-arm64 5.0 134.00 OK
r-oldrel-macos-x86_64 5.0 232.00 OK
r-oldrel-windows-x86_64 5.0 37.00 386.00 423.00 OK

Check Details

Version: 5.0
Check: Rd cross-references
Result: NOTE Found the following Rd file(s) with Rd \link{} targets missing package anchors: lets.presab.Rd: terra, sf lets.presab.grid.Rd: terra, sf lets.shFilter.Rd: terra, sf Please provide package anchors for all Rd \link{} targets not in the package itself and the base packages. Flavors: r-devel-linux-x86_64-debian-clang, r-devel-linux-x86_64-debian-gcc, r-devel-windows-x86_64, r-patched-linux-x86_64, r-release-linux-x86_64, r-release-windows-x86_64

These binaries (installable software) and packages are in development.
They may not be fully stable and should be used with caution. We make no claims about them.