Last updated on 2025-07-24 03:50:02 CEST.
Flavor | Version | Tinstall | Tcheck | Ttotal | Status | Flags |
---|---|---|---|---|---|---|
r-devel-linux-x86_64-debian-clang | 0.5.2 | 10.64 | 34.62 | 45.26 | NOTE | |
r-devel-linux-x86_64-debian-gcc | 0.5.2 | 7.83 | 28.00 | 35.83 | NOTE | |
r-devel-linux-x86_64-fedora-clang | 0.5.2 | 75.63 | OK | |||
r-devel-linux-x86_64-fedora-gcc | 0.5.2 | 83.35 | OK | |||
r-devel-windows-x86_64 | 0.5.2 | 17.00 | 72.00 | 89.00 | OK | |
r-patched-linux-x86_64 | 0.5.2 | 10.83 | 31.54 | 42.37 | OK | |
r-release-linux-x86_64 | 0.5.2 | 8.87 | 31.40 | 40.27 | OK | |
r-release-macos-arm64 | 0.5.2 | 50.00 | OK | |||
r-release-macos-x86_64 | 0.5.2 | 68.00 | OK | |||
r-release-windows-x86_64 | 0.5.2 | 15.00 | 75.00 | 90.00 | OK | |
r-oldrel-macos-arm64 | 0.5.2 | 33.00 | OK | |||
r-oldrel-macos-x86_64 | 0.5.2 | 63.00 | OK | |||
r-oldrel-windows-x86_64 | 0.5.2 | 19.00 | 86.00 | 105.00 | OK |
Version: 0.5.2
Check: CRAN incoming feasibility
Result: NOTE
Maintainer: ‘Adam Spannbauer <spannbaueradam@gmail.com>’
No Authors@R field in DESCRIPTION.
Please add one, modifying
Authors@R: c(person(given = "Adam",
family = "Spannbauer",
role = c("aut", "cre"),
email = "spannbaueradam@gmail.com"),
person(given = "Bryan",
family = "White",
role = "ctb"))
as necessary.
Flavors: r-devel-linux-x86_64-debian-clang, r-devel-linux-x86_64-debian-gcc
These binaries (installable software) and packages are in development.
They may not be fully stable and should be used with caution. We make no claims about them.