Last updated on 2025-10-03 05:53:37 CEST.
Flavor | Version | Tinstall | Tcheck | Ttotal | Status | Flags |
---|---|---|---|---|---|---|
r-devel-linux-x86_64-debian-clang | 0.5.2 | 10.26 | 35.46 | 45.72 | NOTE | |
r-devel-linux-x86_64-debian-gcc | 0.5.2 | 7.37 | 27.57 | 34.94 | NOTE | |
r-devel-linux-x86_64-fedora-clang | 0.5.2 | 76.78 | OK | |||
r-devel-linux-x86_64-fedora-gcc | 0.5.2 | 87.42 | OK | |||
r-devel-windows-x86_64 | 0.5.2 | 16.00 | 77.00 | 93.00 | OK | |
r-patched-linux-x86_64 | 0.5.2 | 10.81 | 33.05 | 43.86 | OK | |
r-release-linux-x86_64 | 0.5.2 | 9.98 | 32.89 | 42.87 | OK | |
r-release-macos-arm64 | 0.5.2 | 50.00 | OK | |||
r-release-macos-x86_64 | 0.5.2 | 68.00 | OK | |||
r-release-windows-x86_64 | 0.5.2 | 16.00 | 69.00 | 85.00 | OK | |
r-oldrel-macos-arm64 | 0.5.2 | 33.00 | OK | |||
r-oldrel-macos-x86_64 | 0.5.2 | 63.00 | OK | |||
r-oldrel-windows-x86_64 | 0.5.2 | 19.00 | 83.00 | 102.00 | OK |
Version: 0.5.2
Check: CRAN incoming feasibility
Result: NOTE
Maintainer: ‘Adam Spannbauer <spannbaueradam@gmail.com>’
No Authors@R field in DESCRIPTION.
Please add one, modifying
Authors@R: c(person(given = "Adam",
family = "Spannbauer",
role = c("aut", "cre"),
email = "spannbaueradam@gmail.com"),
person(given = "Bryan",
family = "White",
role = "ctb"))
as necessary.
Flavors: r-devel-linux-x86_64-debian-clang, r-devel-linux-x86_64-debian-gcc
These binaries (installable software) and packages are in development.
They may not be fully stable and should be used with caution. We make no claims about them.