CRAN Package Check Results for Package lexRankr

Last updated on 2025-05-08 04:52:09 CEST.

Flavor Version Tinstall Tcheck Ttotal Status Flags
r-devel-linux-x86_64-debian-clang 0.5.2 11.34 34.00 45.34 NOTE
r-devel-linux-x86_64-debian-gcc 0.5.2 8.00 26.29 34.29 NOTE
r-devel-linux-x86_64-fedora-clang 0.5.2 75.18 OK
r-devel-linux-x86_64-fedora-gcc 0.5.2 87.49 OK
r-devel-windows-x86_64 0.5.2 16.00 71.00 87.00 OK
r-patched-linux-x86_64 0.5.2 10.40 31.43 41.83 OK
r-release-linux-x86_64 0.5.2 10.49 31.50 41.99 OK
r-release-macos-arm64 0.5.2 50.00 OK
r-release-macos-x86_64 0.5.2 68.00 OK
r-release-windows-x86_64 0.5.2 17.00 73.00 90.00 OK
r-oldrel-macos-arm64 0.5.2 33.00 OK
r-oldrel-macos-x86_64 0.5.2 63.00 OK
r-oldrel-windows-x86_64 0.5.2 18.00 81.00 99.00 OK

Check Details

Version: 0.5.2
Check: CRAN incoming feasibility
Result: NOTE Maintainer: ‘Adam Spannbauer <spannbaueradam@gmail.com>’ No Authors@R field in DESCRIPTION. Please add one, modifying Authors@R: c(person(given = "Adam", family = "Spannbauer", role = c("aut", "cre"), email = "spannbaueradam@gmail.com"), person(given = "Bryan", family = "White", role = "ctb")) as necessary. Flavors: r-devel-linux-x86_64-debian-clang, r-devel-linux-x86_64-debian-gcc

These binaries (installable software) and packages are in development.
They may not be fully stable and should be used with caution. We make no claims about them.