CRAN Package Check Results for Package lfda

Last updated on 2025-05-08 04:52:09 CEST.

Flavor Version Tinstall Tcheck Ttotal Status Flags
r-devel-linux-x86_64-debian-clang 1.1.3 6.13 58.58 64.71 NOTE
r-devel-linux-x86_64-debian-gcc 1.1.3 5.61 44.29 49.90 NOTE
r-devel-linux-x86_64-fedora-clang 1.1.3 100.93 OK
r-devel-linux-x86_64-fedora-gcc 1.1.3 96.75 OK
r-devel-windows-x86_64 1.1.3 6.00 71.00 77.00 OK
r-patched-linux-x86_64 1.1.3 6.27 55.73 62.00 OK
r-release-linux-x86_64 1.1.3 6.32 56.41 62.73 OK
r-release-macos-arm64 1.1.3 32.00 OK
r-release-macos-x86_64 1.1.3 58.00 OK
r-release-windows-x86_64 1.1.3 8.00 72.00 80.00 OK
r-oldrel-macos-arm64 1.1.3 31.00 OK
r-oldrel-macos-x86_64 1.1.3 46.00 OK
r-oldrel-windows-x86_64 1.1.3 10.00 87.00 97.00 OK

Check Details

Version: 1.1.3
Check: CRAN incoming feasibility
Result: NOTE Maintainer: ‘Yuan Tang <terrytangyuan@gmail.com>’ Package CITATION file contains call(s) to old-style citEntry(). Please use bibentry() instead. Flavors: r-devel-linux-x86_64-debian-clang, r-devel-linux-x86_64-debian-gcc

These binaries (installable software) and packages are in development.
They may not be fully stable and should be used with caution. We make no claims about them.