CRAN Package Check Results for Package lfda

Last updated on 2025-07-23 05:48:48 CEST.

Flavor Version Tinstall Tcheck Ttotal Status Flags
r-devel-linux-x86_64-debian-clang 1.1.3 6.29 59.03 65.32 NOTE
r-devel-linux-x86_64-debian-gcc 1.1.3 4.44 44.90 49.34 NOTE
r-devel-linux-x86_64-fedora-clang 1.1.3 99.93 OK
r-devel-linux-x86_64-fedora-gcc 1.1.3 96.46 OK
r-devel-windows-x86_64 1.1.3 7.00 70.00 77.00 OK
r-patched-linux-x86_64 1.1.3 6.47 56.22 62.69 OK
r-release-linux-x86_64 1.1.3 6.65 55.64 62.29 OK
r-release-macos-arm64 1.1.3 32.00 OK
r-release-macos-x86_64 1.1.3 58.00 OK
r-release-windows-x86_64 1.1.3 7.00 71.00 78.00 OK
r-oldrel-macos-arm64 1.1.3 31.00 OK
r-oldrel-macos-x86_64 1.1.3 46.00 OK
r-oldrel-windows-x86_64 1.1.3 10.00 85.00 95.00 OK

Check Details

Version: 1.1.3
Check: CRAN incoming feasibility
Result: NOTE Maintainer: ‘Yuan Tang <terrytangyuan@gmail.com>’ Package CITATION file contains call(s) to old-style citEntry(). Please use bibentry() instead. Flavors: r-devel-linux-x86_64-debian-clang, r-devel-linux-x86_64-debian-gcc

These binaries (installable software) and packages are in development.
They may not be fully stable and should be used with caution. We make no claims about them.