Last updated on 2025-05-08 04:52:09 CEST.
Flavor | Version | Tinstall | Tcheck | Ttotal | Status | Flags |
---|---|---|---|---|---|---|
r-devel-linux-x86_64-debian-clang | 2.2.1 | 48.23 | 124.06 | 172.29 | OK | |
r-devel-linux-x86_64-debian-gcc | 2.2.1 | 36.44 | 85.16 | 121.60 | OK | |
r-devel-linux-x86_64-fedora-clang | 2.2.1 | 279.68 | OK | |||
r-devel-linux-x86_64-fedora-gcc | 2.2.1 | 303.46 | OK | |||
r-devel-windows-x86_64 | 2.2.1 | 55.00 | 156.00 | 211.00 | OK | |
r-patched-linux-x86_64 | 2.2.1 | 47.01 | 114.94 | 161.95 | OK | |
r-release-linux-x86_64 | 2.2.1 | 44.18 | 115.54 | 159.72 | OK | |
r-release-macos-arm64 | 2.2.1 | 93.00 | OK | |||
r-release-macos-x86_64 | 2.2.1 | 171.00 | OK | |||
r-release-windows-x86_64 | 2.2.1 | 59.00 | 155.00 | 214.00 | OK | |
r-oldrel-macos-arm64 | 2.2.1 | 74.00 | OK | |||
r-oldrel-macos-x86_64 | 2.2.1 | 125.00 | OK | |||
r-oldrel-windows-x86_64 | 2.2.1 | 68.00 | 195.00 | 263.00 | NOTE |
Version: 2.2.1
Check: package dependencies
Result: NOTE
Package suggested but not available for checking: 'doMC'
Flavor: r-oldrel-windows-x86_64
These binaries (installable software) and packages are in development.
They may not be fully stable and should be used with caution. We make no claims about them.