CRAN Package Check Results for Package lg

Last updated on 2025-05-01 15:49:35 CEST.

Flavor Version Tinstall Tcheck Ttotal Status Flags
r-devel-linux-x86_64-debian-clang 0.4.1 4.67 42.31 46.98 NOTE
r-devel-linux-x86_64-debian-gcc 0.4.1 3.21 30.48 33.69 OK
r-devel-linux-x86_64-fedora-clang 0.4.1 79.48 OK
r-devel-linux-x86_64-fedora-gcc 0.4.1 67.92 OK
r-devel-windows-x86_64 0.4.1 7.00 70.00 77.00 OK
r-patched-linux-x86_64 0.4.1 5.27 38.78 44.05 OK
r-release-linux-x86_64 OK
r-release-macos-arm64 0.4.1 23.00 OK
r-release-macos-x86_64 0.4.1 37.00 OK
r-release-windows-x86_64 0.4.1 8.00 72.00 80.00 OK
r-oldrel-macos-arm64 0.4.1 23.00 NOTE
r-oldrel-macos-x86_64 0.4.1 37.00 NOTE
r-oldrel-windows-x86_64 0.4.1 8.00 74.00 82.00 NOTE

Check Details

Version: 0.4.1
Check: examples
Result: NOTE Examples with CPU (user + system) or elapsed time > 5s user system elapsed bw_select_cv_univariate 4.113 0 5.656 Flavor: r-devel-linux-x86_64-debian-clang

Version: 0.4.1
Check: LazyData
Result: NOTE 'LazyData' is specified without a 'data' directory Flavors: r-oldrel-macos-arm64, r-oldrel-macos-x86_64, r-oldrel-windows-x86_64

These binaries (installable software) and packages are in development.
They may not be fully stable and should be used with caution. We make no claims about them.