Last updated on 2025-02-16 08:50:51 CET.
Flavor | Version | Tinstall | Tcheck | Ttotal | Status | Flags |
---|---|---|---|---|---|---|
r-devel-linux-x86_64-debian-clang | 1.2.4 | 486.71 | 213.10 | 699.81 | NOTE | |
r-devel-linux-x86_64-debian-gcc | 1.2.4 | 471.91 | 185.91 | 657.82 | NOTE | |
r-devel-linux-x86_64-fedora-clang | 1.2.4 | 1119.73 | NOTE | |||
r-devel-linux-x86_64-fedora-gcc | 1.2.4 | 1556.55 | NOTE | |||
r-devel-macos-arm64 | 1.2.4 | 283.00 | NOTE | |||
r-devel-macos-x86_64 | 1.2.4 | 406.00 | NOTE | |||
r-devel-windows-x86_64 | 1.2.4 | 464.00 | 262.00 | 726.00 | NOTE | |
r-patched-linux-x86_64 | 1.2.4 | 573.01 | 251.73 | 824.74 | NOTE | |
r-release-linux-x86_64 | 1.2.4 | 573.96 | 249.82 | 823.78 | NOTE | |
r-release-macos-arm64 | 1.2.4 | 158.00 | NOTE | |||
r-release-macos-x86_64 | 1.2.4 | 192.00 | NOTE | |||
r-release-windows-x86_64 | 1.2.4 | 466.00 | 268.00 | 734.00 | NOTE | |
r-oldrel-macos-arm64 | 1.2.4 | 350.00 | NOTE | |||
r-oldrel-macos-x86_64 | 1.2.4 | 628.00 | NOTE | |||
r-oldrel-windows-x86_64 | 1.2.4 | 667.00 | 317.00 | 984.00 | NOTE |
Version: 1.2.4
Check: Rd files
Result: NOTE
checkRd: (-1) prior_to_num.Rd:13: Lost braces; missing escapes or markup?
13 | {'uniform', 'normal', 'student-t', 'gamma', 'inv-gamma', 'log-normal'}
| ^
Flavors: r-devel-linux-x86_64-debian-clang, r-devel-linux-x86_64-debian-gcc, r-devel-linux-x86_64-fedora-clang, r-devel-linux-x86_64-fedora-gcc, r-devel-macos-arm64, r-devel-macos-x86_64, r-devel-windows-x86_64, r-patched-linux-x86_64, r-release-linux-x86_64, r-release-macos-arm64, r-release-macos-x86_64, r-release-windows-x86_64
Version: 1.2.4
Check: for GNU extensions in Makefiles
Result: NOTE
GNU make is a SystemRequirements.
Flavors: r-patched-linux-x86_64, r-release-linux-x86_64, r-release-macos-arm64, r-release-macos-x86_64, r-release-windows-x86_64, r-oldrel-macos-arm64, r-oldrel-macos-x86_64, r-oldrel-windows-x86_64
Version: 1.2.4
Check: installed package size
Result: NOTE
installed size is 115.7Mb
sub-directories of 1Mb or more:
libs 114.4Mb
Flavors: r-release-macos-arm64, r-release-macos-x86_64, r-release-windows-x86_64, r-oldrel-macos-arm64, r-oldrel-macos-x86_64, r-oldrel-windows-x86_64
These binaries (installable software) and packages are in development.
They may not be fully stable and should be used with caution. We make no claims about them.