Last updated on 2025-10-25 23:48:42 CEST.
| Flavor | Version | Tinstall | Tcheck | Ttotal | Status | Flags |
|---|---|---|---|---|---|---|
| r-devel-linux-x86_64-debian-clang | 1.1.5 | 1.68 | 19.16 | 20.84 | NOTE | |
| r-devel-linux-x86_64-debian-gcc | 1.1.5 | 1.38 | 15.93 | 17.31 | NOTE | |
| r-devel-linux-x86_64-fedora-clang | 1.1.5 | 32.61 | OK | |||
| r-devel-linux-x86_64-fedora-gcc | 1.1.5 | 29.41 | OK | |||
| r-devel-windows-x86_64 | 1.1.5 | 2.00 | 40.00 | 42.00 | OK | |
| r-patched-linux-x86_64 | 1.1.5 | 1.74 | 18.25 | 19.99 | OK | |
| r-release-linux-x86_64 | 1.1.5 | 1.42 | 18.08 | 19.50 | OK | |
| r-release-macos-arm64 | 1.1.5 | 1.00 | 14.00 | 15.00 | OK | |
| r-release-macos-x86_64 | 1.1.5 | 2.00 | 22.00 | 24.00 | OK | |
| r-release-windows-x86_64 | 1.1.5 | 2.00 | 45.00 | 47.00 | OK | |
| r-oldrel-macos-arm64 | 1.1.5 | 1.00 | 14.00 | 15.00 | OK | |
| r-oldrel-macos-x86_64 | 1.1.5 | 1.00 | 19.00 | 20.00 | OK | |
| r-oldrel-windows-x86_64 | 1.1.5 | 3.00 | 39.00 | 42.00 | OK |
Version: 1.1.5
Check: CRAN incoming feasibility
Result: NOTE
Maintainer: ‘Arthur Allignol <arthur.allignol@gmail.com>’
No Authors@R field in DESCRIPTION.
Please add one, modifying
Authors@R: c(person(given = "R.",
family = "Gentleman",
role = "aut"),
person(given = "Arthur",
family = "Allignol",
role = "cre",
email = "arthur.allignol@gmail.com"))
as necessary.
Flavors: r-devel-linux-x86_64-debian-clang, r-devel-linux-x86_64-debian-gcc
These binaries (installable software) and packages are in development.
They may not be fully stable and should be used with caution. We make no claims about them.