Last updated on 2025-10-10 03:51:08 CEST.
Flavor | Version | Tinstall | Tcheck | Ttotal | Status | Flags |
---|---|---|---|---|---|---|
r-devel-linux-x86_64-debian-clang | 1.24-7 | 11.68 | 20.30 | 31.98 | OK | |
r-devel-linux-x86_64-debian-gcc | 1.24-7 | 10.99 | 17.29 | 28.28 | OK | |
r-devel-linux-x86_64-fedora-clang | 1.24-7 | 51.67 | OK | |||
r-devel-linux-x86_64-fedora-gcc | 1.24-7 | 50.42 | OK | |||
r-devel-windows-x86_64 | 1.24-7 | 36.00 | 37.00 | 73.00 | OK | |
r-patched-linux-x86_64 | 1.24-7 | 12.50 | 17.76 | 30.26 | OK | |
r-release-linux-x86_64 | 1.24-7 | 12.79 | 17.66 | 30.45 | OK | |
r-release-macos-arm64 | 1.24-7 | 17.00 | OK | |||
r-release-macos-x86_64 | 1.24-7 | 44.00 | OK | |||
r-release-windows-x86_64 | 1.24-7 | 51.00 | 40.00 | 91.00 | OK | |
r-oldrel-macos-arm64 | 1.24-7 | 22.00 | NOTE | |||
r-oldrel-macos-x86_64 | 1.24-7 | 41.00 | NOTE | |||
r-oldrel-windows-x86_64 | 1.24-7 | 55.00 | 40.00 | 95.00 | NOTE |
Version: 1.24-7
Check: for GNU extensions in Makefiles
Result: NOTE
GNU make is a SystemRequirements.
Flavors: r-oldrel-macos-arm64, r-oldrel-macos-x86_64, r-oldrel-windows-x86_64
These binaries (installable software) and packages are in development.
They may not be fully stable and should be used with caution. We make no claims about them.