Last updated on 2025-05-22 06:51:49 CEST.
Flavor | Version | Tinstall | Tcheck | Ttotal | Status | Flags |
---|---|---|---|---|---|---|
r-devel-linux-x86_64-debian-clang | 3.11.1-3 | 666.87 | 22.04 | 688.91 | OK | |
r-devel-linux-x86_64-debian-gcc | 3.11.1-3 | 438.56 | 18.09 | 456.65 | OK | |
r-devel-linux-x86_64-fedora-clang | 3.11.1-3 | 1758.06 | OK | |||
r-devel-linux-x86_64-fedora-gcc | 3.11.1-3 | 1468.27 | OK | |||
r-devel-windows-x86_64 | 3.11.1-3 | 722.00 | 107.00 | 829.00 | OK | |
r-patched-linux-x86_64 | 3.11.1-3 | 597.52 | 19.93 | 617.45 | OK | |
r-release-linux-x86_64 | 3.11.1-3 | 594.40 | 20.07 | 614.47 | OK | |
r-release-macos-arm64 | 3.11.1-3 | 237.00 | OK | |||
r-release-macos-x86_64 | 3.11.1-3 | 219.00 | OK | |||
r-release-windows-x86_64 | 3.11.1-3 | 751.00 | 127.00 | 878.00 | OK | |
r-oldrel-macos-arm64 | 3.11.1-3 | 243.00 | NOTE | |||
r-oldrel-macos-x86_64 | 3.11.1-3 | 212.00 | NOTE | |||
r-oldrel-windows-x86_64 | 3.11.1-3 | 684.00 | 114.00 | 798.00 | OK |
Version: 3.11.1-3
Check: installed package size
Result: NOTE
installed size is 43.5Mb
sub-directories of 1Mb or more:
libs 43.3Mb
Flavors: r-oldrel-macos-arm64, r-oldrel-macos-x86_64
These binaries (installable software) and packages are in development.
They may not be fully stable and should be used with caution. We make no claims about them.