Last updated on 2025-10-03 15:49:53 CEST.
Flavor | Version | Tinstall | Tcheck | Ttotal | Status | Flags |
---|---|---|---|---|---|---|
r-devel-linux-x86_64-debian-clang | 3.11.1-3 | 668.30 | 23.45 | 691.75 | OK | |
r-devel-linux-x86_64-debian-gcc | 3.11.1-3 | 400.83 | 19.82 | 420.65 | OK | |
r-devel-linux-x86_64-fedora-clang | 3.11.1-3 | 1704.57 | OK | |||
r-devel-linux-x86_64-fedora-gcc | 3.11.1-3 | 1259.51 | OK | |||
r-devel-windows-x86_64 | 3.11.1-3 | 723.00 | 89.00 | 812.00 | OK | |
r-patched-linux-x86_64 | 3.11.1-3 | 601.22 | 21.36 | 622.58 | OK | |
r-release-linux-x86_64 | 3.11.1-3 | 598.74 | 21.42 | 620.16 | OK | |
r-release-macos-arm64 | 3.11.1-3 | 237.00 | OK | |||
r-release-macos-x86_64 | 3.11.1-3 | 219.00 | OK | |||
r-release-windows-x86_64 | 3.11.1-3 | 737.00 | 82.00 | 819.00 | OK | |
r-oldrel-macos-arm64 | 3.11.1-3 | 243.00 | NOTE | |||
r-oldrel-macos-x86_64 | 3.11.1-3 | 212.00 | NOTE | |||
r-oldrel-windows-x86_64 | 3.11.1-3 | 747.00 | 112.00 | 859.00 | OK |
Version: 3.11.1-3
Check: installed package size
Result: NOTE
installed size is 43.5Mb
sub-directories of 1Mb or more:
libs 43.3Mb
Flavors: r-oldrel-macos-arm64, r-oldrel-macos-x86_64
These binaries (installable software) and packages are in development.
They may not be fully stable and should be used with caution. We make no claims about them.