Last updated on 2025-07-26 07:50:26 CEST.
Flavor | Version | Tinstall | Tcheck | Ttotal | Status | Flags |
---|---|---|---|---|---|---|
r-devel-linux-x86_64-debian-clang | 3.11.1-3 | 669.60 | 22.66 | 692.26 | OK | |
r-devel-linux-x86_64-debian-gcc | 3.11.1-3 | 440.84 | 18.95 | 459.79 | OK | |
r-devel-linux-x86_64-fedora-clang | 3.11.1-3 | 1716.15 | OK | |||
r-devel-linux-x86_64-fedora-gcc | 3.11.1-3 | 1196.62 | OK | |||
r-devel-windows-x86_64 | 3.11.1-3 | 776.00 | 91.00 | 867.00 | OK | |
r-patched-linux-x86_64 | 3.11.1-3 | 595.06 | 20.47 | 615.53 | OK | |
r-release-linux-x86_64 | 3.11.1-3 | 604.71 | 20.13 | 624.84 | OK | |
r-release-macos-arm64 | 3.11.1-3 | 237.00 | OK | |||
r-release-macos-x86_64 | 3.11.1-3 | 219.00 | OK | |||
r-release-windows-x86_64 | 3.11.1-3 | 740.00 | 100.00 | 840.00 | OK | |
r-oldrel-macos-arm64 | 3.11.1-3 | 243.00 | NOTE | |||
r-oldrel-macos-x86_64 | 3.11.1-3 | 212.00 | NOTE | |||
r-oldrel-windows-x86_64 | 3.11.1-3 | 739.00 | 113.00 | 852.00 | OK |
Version: 3.11.1-3
Check: installed package size
Result: NOTE
installed size is 43.5Mb
sub-directories of 1Mb or more:
libs 43.3Mb
Flavors: r-oldrel-macos-arm64, r-oldrel-macos-x86_64
These binaries (installable software) and packages are in development.
They may not be fully stable and should be used with caution. We make no claims about them.