Last updated on 2025-11-11 15:50:37 CET.
| Flavor | Version | Tinstall | Tcheck | Ttotal | Status | Flags |
|---|---|---|---|---|---|---|
| r-devel-linux-x86_64-debian-clang | 3.1.9-5 | 14.01 | 20.06 | 34.07 | OK | |
| r-devel-linux-x86_64-debian-gcc | 3.1.9-5 | 10.95 | 17.15 | 28.10 | OK | |
| r-devel-linux-x86_64-fedora-clang | 3.1.9-5 | 81.00 | -17.42 | 63.58 | OK | |
| r-devel-linux-x86_64-fedora-gcc | 3.1.9-5 | 37.00 | 15.85 | 52.85 | OK | |
| r-devel-windows-x86_64 | 3.1.9-5 | 35.00 | 34.00 | 69.00 | OK | |
| r-patched-linux-x86_64 | 3.1.9-5 | 13.69 | 17.37 | 31.06 | OK | |
| r-release-linux-x86_64 | 3.1.9-5 | 14.22 | 17.35 | 31.57 | OK | |
| r-release-macos-arm64 | 3.1.9-5 | 9.00 | 14.00 | 23.00 | OK | |
| r-release-macos-x86_64 | 3.1.9-5 | 25.00 | 22.00 | 47.00 | OK | |
| r-release-windows-x86_64 | 3.1.9-5 | 36.00 | 34.00 | 70.00 | OK | |
| r-oldrel-macos-arm64 | 3.1.9-5 | 9.00 | 18.00 | 27.00 | NOTE | |
| r-oldrel-macos-x86_64 | 3.1.9-5 | 24.00 | 25.00 | 49.00 | NOTE | |
| r-oldrel-windows-x86_64 | 3.1.9-5 | 61.00 | 38.00 | 99.00 | NOTE |
Version: 3.1.9-5
Check: for GNU extensions in Makefiles
Result: NOTE
GNU make is a SystemRequirements.
Flavors: r-oldrel-macos-arm64, r-oldrel-macos-x86_64, r-oldrel-windows-x86_64
These binaries (installable software) and packages are in development.
They may not be fully stable and should be used with caution. We make no claims about them.