Last updated on 2025-02-16 08:50:51 CET.
Flavor | Version | Tinstall | Tcheck | Ttotal | Status | Flags |
---|---|---|---|---|---|---|
r-devel-linux-x86_64-debian-clang | 0.1.2 | 1.58 | 17.34 | 18.92 | OK | |
r-devel-linux-x86_64-debian-gcc | 0.1.2 | 1.20 | 14.32 | 15.52 | OK | |
r-devel-linux-x86_64-fedora-clang | 0.1.2 | 31.38 | OK | |||
r-devel-linux-x86_64-fedora-gcc | 0.1.2 | 52.95 | OK | |||
r-devel-macos-arm64 | 0.1.2 | 50.00 | OK | |||
r-devel-macos-x86_64 | 0.1.2 | 82.00 | OK | |||
r-devel-windows-x86_64 | 0.1.2 | 2.00 | 41.00 | 43.00 | OK | |
r-patched-linux-x86_64 | 0.1.2 | 1.66 | 16.47 | 18.13 | NOTE | |
r-release-linux-x86_64 | 0.1.2 | 1.34 | 16.46 | 17.80 | NOTE | |
r-release-macos-arm64 | 0.1.2 | 43.00 | NOTE | |||
r-release-macos-x86_64 | 0.1.2 | 50.00 | NOTE | |||
r-release-windows-x86_64 | 0.1.2 | 3.00 | 42.00 | 45.00 | NOTE | |
r-oldrel-macos-arm64 | 0.1.2 | 35.00 | NOTE | |||
r-oldrel-macos-x86_64 | 0.1.2 | 70.00 | NOTE | |||
r-oldrel-windows-x86_64 | 0.1.2 | 3.00 | 41.00 | 44.00 | NOTE |
Version: 0.1.2
Check: LazyData
Result: NOTE
'LazyData' is specified without a 'data' directory
Flavors: r-patched-linux-x86_64, r-release-linux-x86_64, r-release-macos-arm64, r-release-macos-x86_64, r-release-windows-x86_64, r-oldrel-macos-arm64, r-oldrel-macos-x86_64, r-oldrel-windows-x86_64
These binaries (installable software) and packages are in development.
They may not be fully stable and should be used with caution. We make no claims about them.