Last updated on 2025-05-01 14:49:13 CEST.
Flavor | Version | Tinstall | Tcheck | Ttotal | Status | Flags |
---|---|---|---|---|---|---|
r-devel-linux-x86_64-debian-gcc | 0.1.1 | 4.37 | 158.61 | 162.98 | OK | |
r-devel-linux-x86_64-fedora-clang | 0.1.1 | 172.87 | OK | |||
r-devel-linux-x86_64-fedora-gcc | 0.1.1 | 204.16 | OK | |||
r-devel-windows-x86_64 | 0.1.1 | 10.00 | 218.00 | 228.00 | OK | |
r-patched-linux-x86_64 | 0.1.1 | 6.35 | 121.42 | 127.77 | OK | |
r-release-linux-x86_64 | OK | |||||
r-release-macos-arm64 | 0.1.1 | 55.00 | OK | |||
r-release-macos-x86_64 | 0.1.1 | 158.00 | OK | |||
r-release-windows-x86_64 | 0.1.1 | 12.00 | 227.00 | 239.00 | OK | |
r-oldrel-macos-arm64 | 0.1.1 | 59.00 | OK | |||
r-oldrel-macos-x86_64 | 0.1.1 | 138.00 | OK |
Version: 0.1.1
Check: examples
Result: NA
user system elapsed
licoread 1.988 0.847 12.307
licoread_to_fluxible 1.880 0.721 12.572
OK
Flavor: r-devel-linux-x86_64-debian-gcc
These binaries (installable software) and packages are in development.
They may not be fully stable and should be used with caution. We make no claims about them.