Last updated on 2025-05-01 15:49:35 CEST.
Flavor | Version | Tinstall | Tcheck | Ttotal | Status | Flags |
---|---|---|---|---|---|---|
r-devel-linux-x86_64-debian-clang | 4.0.8 | 5.00 | 125.60 | 130.60 | NOTE | |
r-devel-linux-x86_64-debian-gcc | 4.0.8 | 3.30 | 81.45 | 84.75 | OK | |
r-devel-linux-x86_64-fedora-clang | 4.0.8 | 201.51 | OK | |||
r-devel-linux-x86_64-fedora-gcc | 4.0.8 | 187.25 | OK | |||
r-devel-windows-x86_64 | 4.0.8 | 8.00 | 142.00 | 150.00 | OK | |
r-patched-linux-x86_64 | 4.0.8 | 4.76 | 118.19 | 122.95 | OK | |
r-release-linux-x86_64 | OK | |||||
r-release-macos-arm64 | 4.0.8 | 52.00 | OK | |||
r-release-macos-x86_64 | 4.0.8 | 71.00 | OK | |||
r-release-windows-x86_64 | 4.0.8 | 8.00 | 149.00 | 157.00 | OK | |
r-oldrel-macos-arm64 | 4.0.8 | 60.00 | OK | |||
r-oldrel-macos-x86_64 | 4.0.8 | 83.00 | OK | |||
r-oldrel-windows-x86_64 | 4.0.8 | 9.00 | 177.00 | 186.00 | OK |
Version: 4.0.8
Check: examples
Result: NOTE
Examples with CPU (user + system) or elapsed time > 5s
user system elapsed
aa_las_chablais3 7.963 0.241 10.540
std_tree_metrics 7.102 0.153 10.273
coregistration 5.758 0.077 8.366
raster_local_max 4.868 0.071 6.161
rasters_moving_cor 4.791 0.083 6.750
Flavor: r-devel-linux-x86_64-debian-clang
Version: 4.0.8
Check: examples
Result: NA
user system elapsed
std_tree_metrics 5.551 0.165 6.380
aa_las_chablais3 4.327 0.108 5.117
OK
Flavor: r-devel-linux-x86_64-debian-gcc
These binaries (installable software) and packages are in development.
They may not be fully stable and should be used with caution. We make no claims about them.