CRAN Package Check Results for Package lifeR

Last updated on 2025-05-08 04:52:09 CEST.

Flavor Version Tinstall Tcheck Ttotal Status Flags
r-devel-linux-x86_64-debian-clang 1.0.3 28.49 250.65 279.14 OK
r-devel-linux-x86_64-debian-gcc 1.0.3 15.46 158.23 173.69 OK
r-devel-linux-x86_64-fedora-clang 1.0.3 461.03 NOTE
r-devel-linux-x86_64-fedora-gcc 1.0.3 448.83 NOTE
r-devel-windows-x86_64 1.0.3 25.00 187.00 212.00 OK
r-patched-linux-x86_64 1.0.3 24.77 231.23 256.00 OK
r-release-linux-x86_64 1.0.3 25.76 228.54 254.30 OK
r-release-macos-arm64 1.0.3 101.00 OK
r-release-macos-x86_64 1.0.3 195.00 OK
r-release-windows-x86_64 1.0.3 25.00 193.00 218.00 OK
r-oldrel-macos-arm64 1.0.3 99.00 OK
r-oldrel-macos-x86_64 1.0.3 235.00 OK
r-oldrel-windows-x86_64 1.0.3 34.00 260.00 294.00 OK

Check Details

Version: 1.0.3
Check: dependencies in R code
Result: NOTE Namespace in Imports field not imported from: ‘knitr’ All declared Imports should be used. Flavors: r-devel-linux-x86_64-fedora-clang, r-devel-linux-x86_64-fedora-gcc

These binaries (installable software) and packages are in development.
They may not be fully stable and should be used with caution. We make no claims about them.