Last updated on 2025-02-19 16:50:52 CET.
Flavor | Version | Tinstall | Tcheck | Ttotal | Status | Flags |
---|---|---|---|---|---|---|
r-devel-linux-x86_64-debian-clang | 1.0.3 | 27.84 | 238.43 | 266.27 | OK | |
r-devel-linux-x86_64-debian-gcc | 1.0.3 | 13.50 | 146.58 | 160.08 | OK | |
r-devel-linux-x86_64-fedora-clang | 1.0.3 | 431.88 | NOTE | |||
r-devel-linux-x86_64-fedora-gcc | 1.0.3 | 418.67 | NOTE | |||
r-devel-macos-arm64 | 1.0.3 | 5.00 | ERROR | |||
r-devel-macos-x86_64 | 1.0.3 | 195.00 | OK | |||
r-devel-windows-x86_64 | 1.0.3 | 23.00 | 183.00 | 206.00 | OK | |
r-patched-linux-x86_64 | 1.0.3 | 22.07 | 221.99 | 244.06 | OK | |
r-release-linux-x86_64 | 1.0.3 | 22.84 | 218.39 | 241.23 | OK | |
r-release-macos-arm64 | 1.0.3 | 99.00 | OK | |||
r-release-macos-x86_64 | 1.0.3 | 235.00 | OK | |||
r-release-windows-x86_64 | 1.0.3 | 23.00 | 192.00 | 215.00 | OK | |
r-oldrel-macos-arm64 | 1.0.2 | 97.00 | OK | |||
r-oldrel-macos-x86_64 | 1.0.3 | 182.00 | OK | |||
r-oldrel-windows-x86_64 | 1.0.3 | 31.00 | 235.00 | 266.00 | OK |
Version: 1.0.3
Check: dependencies in R code
Result: NOTE
Namespace in Imports field not imported from: ‘knitr’
All declared Imports should be used.
Flavors: r-devel-linux-x86_64-fedora-clang, r-devel-linux-x86_64-fedora-gcc
Version: 1.0.3
Check: package dependencies
Result: ERROR
Package required but not available: ‘terra’
See section ‘The DESCRIPTION file’ in the ‘Writing R Extensions’
manual.
Flavor: r-devel-macos-arm64
These binaries (installable software) and packages are in development.
They may not be fully stable and should be used with caution. We make no claims about them.