Last updated on 2025-05-01 17:56:07 CEST.
Flavor | Version | Tinstall | Tcheck | Ttotal | Status | Flags |
---|---|---|---|---|---|---|
r-devel-linux-x86_64-debian-clang | 2.0 | 6.83 | 56.97 | 63.80 | NOTE | |
r-devel-linux-x86_64-debian-gcc | 2.0 | 5.32 | 43.84 | 49.16 | NOTE | |
r-devel-linux-x86_64-fedora-clang | 2.0 | 99.06 | OK | |||
r-devel-linux-x86_64-fedora-gcc | 2.0 | 92.16 | OK | |||
r-devel-windows-x86_64 | 2.0 | 8.00 | 72.00 | 80.00 | OK | |
r-patched-linux-x86_64 | 2.0 | 6.75 | 55.41 | 62.16 | OK | |
r-release-linux-x86_64 | OK | |||||
r-release-macos-arm64 | 2.0 | 36.00 | OK | |||
r-release-macos-x86_64 | 2.0 | 56.00 | OK | |||
r-release-windows-x86_64 | 2.0 | 9.00 | 83.00 | 92.00 | OK | |
r-oldrel-macos-arm64 | 2.0 | 33.00 | OK | |||
r-oldrel-macos-x86_64 | 2.0 | 61.00 | OK | |||
r-oldrel-windows-x86_64 | 2.0 | 10.00 | 84.00 | 94.00 | OK |
Version: 2.0
Check: CRAN incoming feasibility
Result: NOTE
Maintainer: ‘Glenna Nightingale <glenna.evans@gmail.com>’
No Authors@R field in DESCRIPTION.
Please add one, modifying
Authors@R: person(given = "Glenna",
family = "Nightingale",
role = c("aut", "cre"),
email = "glenna.evans@gmail.com")
as necessary.
Flavors: r-devel-linux-x86_64-debian-clang, r-devel-linux-x86_64-debian-gcc
These binaries (installable software) and packages are in development.
They may not be fully stable and should be used with caution. We make no claims about them.