Last updated on 2025-05-01 15:49:35 CEST.
Flavor | Version | Tinstall | Tcheck | Ttotal | Status | Flags |
---|---|---|---|---|---|---|
r-devel-linux-x86_64-debian-clang | 0.1.0 | 10.42 | 153.89 | 164.31 | NOTE | |
r-devel-linux-x86_64-debian-gcc | 0.1.0 | 6.42 | 114.03 | 120.45 | NOTE | |
r-devel-linux-x86_64-fedora-clang | 0.1.0 | 234.24 | OK | |||
r-devel-linux-x86_64-fedora-gcc | 0.1.0 | 242.32 | OK | |||
r-devel-windows-x86_64 | 0.1.0 | 10.00 | 326.00 | 336.00 | NOTE | |
r-patched-linux-x86_64 | 0.1.0 | 9.17 | 146.63 | 155.80 | NOTE | |
r-release-linux-x86_64 | NOTE | |||||
r-release-macos-arm64 | 0.1.0 | 75.00 | OK | |||
r-release-macos-x86_64 | 0.1.0 | 135.00 | OK | |||
r-release-windows-x86_64 | 0.1.0 | 10.00 | 349.00 | 359.00 | NOTE | |
r-oldrel-macos-arm64 | 0.1.0 | 79.00 | OK | |||
r-oldrel-macos-x86_64 | 0.1.0 | 110.00 | OK | |||
r-oldrel-windows-x86_64 | 0.1.0 | 13.00 | 301.00 | 314.00 | OK |
Version: 0.1.0
Check: Rd cross-references
Result: NOTE
Found the following Rd file(s) with Rd \link{} targets missing package
anchors:
Person.Rd: R6Class
Please provide package anchors for all Rd \link{} targets not in the
package itself and the base packages.
Flavors: r-devel-linux-x86_64-debian-clang, r-devel-linux-x86_64-debian-gcc, r-devel-windows-x86_64, r-patched-linux-x86_64, r-release-linux-x86_64, r-release-windows-x86_64
These binaries (installable software) and packages are in development.
They may not be fully stable and should be used with caution. We make no claims about them.