Last updated on 2025-05-08 04:52:09 CEST.
Flavor | Version | Tinstall | Tcheck | Ttotal | Status | Flags |
---|---|---|---|---|---|---|
r-devel-linux-x86_64-debian-clang | 0.1.0 | 18.16 | 37.74 | 55.90 | OK | |
r-devel-linux-x86_64-debian-gcc | 0.1.0 | 12.95 | 27.37 | 40.32 | OK | |
r-devel-linux-x86_64-fedora-clang | 0.1.0 | 103.90 | NOTE | |||
r-devel-linux-x86_64-fedora-gcc | 0.1.0 | 112.01 | NOTE | |||
r-devel-windows-x86_64 | 0.1.0 | 23.00 | 79.00 | 102.00 | OK | |
r-patched-linux-x86_64 | 0.1.0 | 18.80 | 35.70 | 54.50 | OK | |
r-release-linux-x86_64 | 0.1.0 | 16.70 | 35.85 | 52.55 | OK | |
r-release-macos-arm64 | 0.1.0 | 44.00 | OK | |||
r-release-macos-x86_64 | 0.1.0 | 63.00 | OK | |||
r-release-windows-x86_64 | 0.1.0 | 23.00 | 74.00 | 97.00 | OK | |
r-oldrel-macos-arm64 | 0.1.0 | 62.00 | OK | |||
r-oldrel-macos-x86_64 | 0.1.0 | 115.00 | OK | |||
r-oldrel-windows-x86_64 | 0.1.0 | 27.00 | 88.00 | 115.00 | OK |
Version: 0.1.0
Check: dependencies in R code
Result: NOTE
Namespace in Imports field not imported from: ‘RcppArmadillo’
All declared Imports should be used.
Flavors: r-devel-linux-x86_64-fedora-clang, r-devel-linux-x86_64-fedora-gcc
These binaries (installable software) and packages are in development.
They may not be fully stable and should be used with caution. We make no claims about them.