Last updated on 2025-02-02 14:48:26 CET.
Flavor | Version | Tinstall | Tcheck | Ttotal | Status | Flags |
---|---|---|---|---|---|---|
r-devel-linux-x86_64-debian-clang | 0.2.0 | 2.08 | 21.82 | 23.90 | NOTE | |
r-devel-linux-x86_64-debian-gcc | 0.2.0 | 1.62 | 17.34 | 18.96 | NOTE | |
r-devel-linux-x86_64-fedora-clang | 0.2.0 | 39.19 | NOTE | |||
r-devel-linux-x86_64-fedora-gcc | 0.2.0 | 35.58 | NOTE | |||
r-devel-windows-x86_64 | 0.2.0 | 4.00 | 47.00 | 51.00 | NOTE | |
r-patched-linux-x86_64 | 0.2.0 | 2.57 | 20.36 | 22.93 | NOTE | |
r-release-linux-x86_64 | 0.2.0 | 2.08 | 20.86 | 22.94 | NOTE | |
r-release-macos-arm64 | 0.2.0 | 18.00 | NOTE | |||
r-release-macos-x86_64 | 0.2.0 | 27.00 | NOTE | |||
r-release-windows-x86_64 | 0.2.0 | 5.00 | 49.00 | 54.00 | NOTE | |
r-oldrel-macos-arm64 | 0.2.0 | 18.00 | NOTE | |||
r-oldrel-macos-x86_64 | 0.2.0 | 23.00 | NOTE | |||
r-oldrel-windows-x86_64 | 0.2.0 | 5.00 | 50.00 | 55.00 | NOTE |
Version: 0.2.0
Check: Rd files
Result: NOTE
checkRd: (-1) lx_list_lights.Rd:24: Lost braces in \itemize; meant \describe ?
checkRd: (-1) lx_list_lights.Rd:25: Lost braces in \itemize; meant \describe ?
checkRd: (-1) lx_list_lights.Rd:26: Lost braces in \itemize; meant \describe ?
checkRd: (-1) lx_list_lights.Rd:27: Lost braces in \itemize; meant \describe ?
Flavors: r-devel-linux-x86_64-debian-clang, r-devel-linux-x86_64-debian-gcc, r-devel-linux-x86_64-fedora-clang, r-devel-linux-x86_64-fedora-gcc, r-devel-windows-x86_64, r-patched-linux-x86_64, r-release-linux-x86_64, r-release-macos-arm64, r-release-macos-x86_64, r-release-windows-x86_64
Version: 0.2.0
Check: dependencies in R code
Result: NOTE
Namespaces in Imports field not imported from:
‘curl’ ‘jsonlite’
All declared Imports should be used.
Flavors: r-devel-linux-x86_64-fedora-clang, r-devel-linux-x86_64-fedora-gcc
Version: 0.2.0
Check: LazyData
Result: NOTE
'LazyData' is specified without a 'data' directory
Flavors: r-patched-linux-x86_64, r-release-linux-x86_64, r-release-macos-arm64, r-release-macos-x86_64, r-release-windows-x86_64, r-oldrel-macos-arm64, r-oldrel-macos-x86_64, r-oldrel-windows-x86_64
These binaries (installable software) and packages are in development.
They may not be fully stable and should be used with caution. We make no claims about them.