Last updated on 2025-05-03 22:49:58 CEST.
Flavor | Version | Tinstall | Tcheck | Ttotal | Status | Flags |
---|---|---|---|---|---|---|
r-devel-linux-x86_64-debian-clang | 0.2.0 | 2.23 | 22.46 | 24.69 | NOTE | |
r-devel-linux-x86_64-debian-gcc | 0.2.0 | 1.55 | 18.24 | 19.79 | NOTE | |
r-devel-linux-x86_64-fedora-clang | 0.2.0 | 37.46 | NOTE | |||
r-devel-linux-x86_64-fedora-gcc | 0.2.0 | 35.76 | NOTE | |||
r-devel-windows-x86_64 | 0.2.0 | 4.00 | 46.00 | 50.00 | NOTE | |
r-patched-linux-x86_64 | 0.2.0 | 2.48 | 21.42 | 23.90 | NOTE | |
r-release-linux-x86_64 | NOTE | |||||
r-release-macos-arm64 | 0.2.0 | 42.00 | NOTE | |||
r-release-macos-x86_64 | 0.2.0 | 34.00 | NOTE | |||
r-release-windows-x86_64 | 0.2.0 | 3.00 | 48.00 | 51.00 | NOTE | |
r-oldrel-macos-arm64 | 0.2.0 | 18.00 | NOTE | |||
r-oldrel-macos-x86_64 | 0.2.0 | 27.00 | NOTE | |||
r-oldrel-windows-x86_64 | 0.2.0 | 4.00 | 51.00 | 55.00 | NOTE |
Version: 0.2.0
Check: CRAN incoming feasibility
Result: NOTE
Maintainer: ‘Martin Barner <m@martinbarner.de>’
No Authors@R field in DESCRIPTION.
Please add one, modifying
Authors@R: person(given = "Martin",
family = "Barner",
role = c("aut", "cre"),
email = "m@martinbarner.de")
as necessary.
Flavors: r-devel-linux-x86_64-debian-clang, r-devel-linux-x86_64-debian-gcc
Version: 0.2.0
Check: Rd files
Result: NOTE
checkRd: (-1) lx_list_lights.Rd:24: Lost braces in \itemize; meant \describe ?
checkRd: (-1) lx_list_lights.Rd:25: Lost braces in \itemize; meant \describe ?
checkRd: (-1) lx_list_lights.Rd:26: Lost braces in \itemize; meant \describe ?
checkRd: (-1) lx_list_lights.Rd:27: Lost braces in \itemize; meant \describe ?
Flavors: r-devel-linux-x86_64-debian-clang, r-devel-linux-x86_64-debian-gcc, r-devel-linux-x86_64-fedora-clang, r-devel-linux-x86_64-fedora-gcc, r-devel-windows-x86_64, r-patched-linux-x86_64, r-release-linux-x86_64, r-release-macos-arm64, r-release-macos-x86_64, r-release-windows-x86_64, r-oldrel-macos-arm64, r-oldrel-macos-x86_64, r-oldrel-windows-x86_64
Version: 0.2.0
Check: dependencies in R code
Result: NOTE
Namespaces in Imports field not imported from:
‘curl’ ‘jsonlite’
All declared Imports should be used.
Flavors: r-devel-linux-x86_64-fedora-clang, r-devel-linux-x86_64-fedora-gcc
Version: 0.2.0
Check: LazyData
Result: NOTE
'LazyData' is specified without a 'data' directory
Flavors: r-oldrel-macos-arm64, r-oldrel-macos-x86_64, r-oldrel-windows-x86_64
These binaries (installable software) and packages are in development.
They may not be fully stable and should be used with caution. We make no claims about them.