Last updated on 2025-05-08 04:52:09 CEST.
Flavor | Version | Tinstall | Tcheck | Ttotal | Status | Flags |
---|---|---|---|---|---|---|
r-devel-linux-x86_64-debian-clang | 0.1.3 | 20.94 | 29.45 | 50.39 | OK | |
r-devel-linux-x86_64-debian-gcc | 0.1.3 | 14.61 | 23.51 | 38.12 | OK | |
r-devel-linux-x86_64-fedora-clang | 0.1.3 | 97.27 | OK | |||
r-devel-linux-x86_64-fedora-gcc | 0.1.3 | 102.30 | OK | |||
r-devel-windows-x86_64 | 0.1.3 | 28.00 | 66.00 | 94.00 | OK | |
r-patched-linux-x86_64 | 0.1.3 | 17.84 | 26.83 | 44.67 | OK | |
r-release-linux-x86_64 | 0.1.3 | 19.98 | 27.41 | 47.39 | OK | |
r-release-macos-arm64 | 0.1.3 | 67.00 | OK | |||
r-release-macos-x86_64 | 0.1.3 | 86.00 | OK | |||
r-release-windows-x86_64 | 0.1.3 | 30.00 | 70.00 | 100.00 | OK | |
r-oldrel-macos-arm64 | 0.1.3 | 61.00 | NOTE | |||
r-oldrel-macos-x86_64 | 0.1.3 | 98.00 | NOTE | |||
r-oldrel-windows-x86_64 | 0.1.3 | 33.00 | 77.00 | 110.00 | NOTE |
Version: 0.1.3
Check: for GNU extensions in Makefiles
Result: NOTE
GNU make is a SystemRequirements.
Flavors: r-oldrel-macos-arm64, r-oldrel-macos-x86_64, r-oldrel-windows-x86_64
These binaries (installable software) and packages are in development.
They may not be fully stable and should be used with caution. We make no claims about them.