Last updated on 2025-07-02 01:51:42 CEST.
Flavor | Version | Tinstall | Tcheck | Ttotal | Status | Flags |
---|---|---|---|---|---|---|
r-devel-linux-x86_64-debian-clang | 0.1.3 | 24.25 | 29.44 | 53.69 | OK | |
r-devel-linux-x86_64-debian-gcc | 0.1.3 | 15.03 | 24.14 | 39.17 | OK | |
r-devel-linux-x86_64-fedora-clang | 0.1.3 | 92.55 | OK | |||
r-devel-linux-x86_64-fedora-gcc | 0.1.3 | 93.85 | OK | |||
r-devel-windows-x86_64 | 0.1.3 | 29.00 | 71.00 | 100.00 | OK | |
r-patched-linux-x86_64 | OK | |||||
r-release-linux-x86_64 | 0.1.3 | 22.47 | 27.21 | 49.68 | OK | |
r-release-macos-arm64 | 0.1.3 | 67.00 | OK | |||
r-release-macos-x86_64 | 0.1.3 | 86.00 | OK | |||
r-release-windows-x86_64 | 0.1.3 | 30.00 | 69.00 | 99.00 | OK | |
r-oldrel-macos-arm64 | 0.1.3 | 61.00 | NOTE | |||
r-oldrel-macos-x86_64 | 0.1.3 | 98.00 | NOTE | |||
r-oldrel-windows-x86_64 | 0.1.3 | 28.00 | 81.00 | 109.00 | NOTE |
Version: 0.1.3
Check: for GNU extensions in Makefiles
Result: NOTE
GNU make is a SystemRequirements.
Flavors: r-oldrel-macos-arm64, r-oldrel-macos-x86_64, r-oldrel-windows-x86_64
These binaries (installable software) and packages are in development.
They may not be fully stable and should be used with caution. We make no claims about them.