CRAN Package Check Results for Package lightgbm

Last updated on 2025-07-26 07:50:26 CEST.

Flavor Version Tinstall Tcheck Ttotal Status Flags
r-devel-linux-x86_64-debian-clang 4.6.0 451.28 142.68 593.96 OK
r-devel-linux-x86_64-debian-gcc 4.6.0 379.54 105.47 485.01 OK
r-devel-linux-x86_64-fedora-clang 4.6.0 1135.71 OK
r-devel-linux-x86_64-fedora-gcc 4.6.0 1256.98 OK
r-devel-windows-x86_64 4.6.0 541.00 200.00 741.00 OK
r-patched-linux-x86_64 4.6.0 523.63 153.64 677.27 OK
r-release-linux-x86_64 4.6.0 522.62 157.57 680.19 OK
r-release-macos-arm64 4.6.0 349.00 OK
r-release-macos-x86_64 4.6.0 410.00 OK
r-release-windows-x86_64 4.6.0 550.00 192.00 742.00 OK
r-oldrel-macos-arm64 4.6.0 321.00 NOTE
r-oldrel-macos-x86_64 4.6.0 340.00 NOTE
r-oldrel-windows-x86_64 4.6.0 657.00 239.00 896.00 NOTE

Check Details

Version: 4.6.0
Check: installed package size
Result: NOTE installed size is 68.8Mb sub-directories of 1Mb or more: libs 68.2Mb Flavors: r-oldrel-macos-arm64, r-oldrel-macos-x86_64, r-oldrel-windows-x86_64

These binaries (installable software) and packages are in development.
They may not be fully stable and should be used with caution. We make no claims about them.