Last updated on 2025-11-13 03:51:06 CET.
| Flavor | Version | Tinstall | Tcheck | Ttotal | Status | Flags |
|---|---|---|---|---|---|---|
| r-devel-linux-x86_64-debian-clang | 4.6.0 | 440.41 | 144.96 | 585.37 | OK | |
| r-devel-linux-x86_64-debian-gcc | 4.6.0 | 371.78 | 104.07 | 475.85 | OK | |
| r-devel-linux-x86_64-fedora-clang | 4.6.0 | 900.00 | 155.06 | 1055.06 | OK | |
| r-devel-linux-x86_64-fedora-gcc | 4.6.0 | 485.00 | 775.12 | 1260.12 | OK | |
| r-devel-windows-x86_64 | 4.6.0 | 538.00 | 187.00 | 725.00 | OK | |
| r-patched-linux-x86_64 | 4.6.0 | 524.72 | 156.32 | 681.04 | OK | |
| r-release-linux-x86_64 | 4.6.0 | 525.39 | 154.56 | 679.95 | OK | |
| r-release-macos-arm64 | 4.6.0 | 280.00 | 69.00 | 349.00 | OK | |
| r-release-macos-x86_64 | 4.6.0 | 282.00 | 128.00 | 410.00 | OK | |
| r-release-windows-x86_64 | 4.6.0 | 573.00 | 184.00 | 757.00 | OK | |
| r-oldrel-macos-arm64 | 4.6.0 | 258.00 | 63.00 | 321.00 | NOTE | |
| r-oldrel-macos-x86_64 | 4.6.0 | 218.00 | 122.00 | 340.00 | NOTE | |
| r-oldrel-windows-x86_64 | 4.6.0 | 663.00 | 233.00 | 896.00 | NOTE |
Version: 4.6.0
Check: installed package size
Result: NOTE
installed size is 68.8Mb
sub-directories of 1Mb or more:
libs 68.2Mb
Flavors: r-oldrel-macos-arm64, r-oldrel-macos-x86_64, r-oldrel-windows-x86_64
These binaries (installable software) and packages are in development.
They may not be fully stable and should be used with caution. We make no claims about them.