Last updated on 2025-10-23 15:49:59 CEST.
Flavor | Version | Tinstall | Tcheck | Ttotal | Status | Flags |
---|---|---|---|---|---|---|
r-devel-linux-x86_64-debian-clang | 1.9.0 | 4.46 | 77.13 | 81.59 | NOTE | |
r-devel-linux-x86_64-debian-gcc | 1.9.0 | 2.54 | 58.85 | 61.39 | OK | |
r-devel-linux-x86_64-fedora-clang | 1.9.0 | 27.00 | 105.43 | 132.43 | OK | |
r-devel-linux-x86_64-fedora-gcc | 1.9.0 | 135.22 | OK | |||
r-devel-windows-x86_64 | 1.9.0 | 7.00 | 94.00 | 101.00 | OK | |
r-patched-linux-x86_64 | 1.9.0 | 3.99 | 73.44 | 77.43 | OK | |
r-release-linux-x86_64 | 1.9.0 | 3.61 | 73.43 | 77.04 | OK | |
r-release-macos-arm64 | 1.9.0 | 2.00 | 54.00 | 56.00 | OK | |
r-release-macos-x86_64 | 1.9.0 | 3.00 | 83.00 | 86.00 | OK | |
r-release-windows-x86_64 | 1.9.0 | 6.00 | 94.00 | 100.00 | OK | |
r-oldrel-macos-arm64 | 1.9.0 | 2.00 | 48.00 | 50.00 | OK | |
r-oldrel-macos-x86_64 | 1.9.0 | 6.00 | 93.00 | 99.00 | OK | |
r-oldrel-windows-x86_64 | 1.9.0 | 8.00 | 117.00 | 125.00 | OK |
Version: 1.9.0
Check: HTML version of manual
Result: NOTE
Found the following HTML validation problems:
lr_compute_processed.html:48:1 (lr_compute_processed.Rd:11): Warning: missing </ul> before </div>
Flavor: r-devel-linux-x86_64-debian-clang
These binaries (installable software) and packages are in development.
They may not be fully stable and should be used with caution. We make no claims about them.