Last updated on 2024-07-27 15:50:22 CEST.
Flavor | Version | Tinstall | Tcheck | Ttotal | Status | Flags |
---|---|---|---|---|---|---|
r-devel-linux-x86_64-debian-clang | 1.7.1 | 6.38 | 75.05 | 81.43 | OK | |
r-devel-linux-x86_64-debian-gcc | 1.7.1 | OK | ||||
r-devel-linux-x86_64-fedora-clang | 1.7.1 | 100.51 | NOTE | |||
r-devel-linux-x86_64-fedora-gcc | 1.7.1 | 111.23 | OK | |||
r-devel-windows-x86_64 | 1.7.1 | 6.00 | 85.00 | 91.00 | OK | |
r-patched-linux-x86_64 | 1.7.1 | OK | ||||
r-release-linux-x86_64 | 1.7.1 | 4.77 | 71.80 | 76.57 | OK | |
r-release-macos-arm64 | 1.7.1 | 43.00 | OK | |||
r-release-macos-x86_64 | 1.7.1 | 69.00 | OK | |||
r-release-windows-x86_64 | 1.7.1 | 6.00 | 86.00 | 92.00 | OK | |
r-oldrel-macos-arm64 | 1.7.1 | 51.00 | OK | |||
r-oldrel-macos-x86_64 | 1.7.1 | 113.00 | OK | |||
r-oldrel-windows-x86_64 | 1.7.1 | 7.00 | 96.00 | 103.00 | OK |
Version: 1.7.1
Check: Rd cross-references
Result: NOTE
Undeclared package ‘future’ in Rd xrefs
Flavor: r-devel-linux-x86_64-fedora-clang
These binaries (installable software) and packages are in development.
They may not be fully stable and should be used with caution. We make no claims about them.