CRAN Package Check Results for Package likelihood

Last updated on 2025-07-01 15:49:53 CEST.

Flavor Version Tinstall Tcheck Ttotal Status Flags
r-devel-linux-x86_64-debian-clang 1.9 3.28 28.84 32.12 NOTE
r-devel-linux-x86_64-debian-gcc 1.9 2.58 22.12 24.70 NOTE
r-devel-linux-x86_64-fedora-clang 1.9 51.09 NOTE
r-devel-linux-x86_64-fedora-gcc 1.9 48.23 NOTE
r-devel-windows-x86_64 1.9 5.00 51.00 56.00 NOTE
r-patched-linux-x86_64 NOTE
r-release-linux-x86_64 1.9 3.28 26.89 30.17 NOTE
r-release-macos-arm64 1.9 20.00 NOTE
r-release-macos-x86_64 1.9 33.00 NOTE
r-release-windows-x86_64 1.9 4.00 51.00 55.00 NOTE
r-oldrel-macos-arm64 1.9 19.00 NOTE
r-oldrel-macos-x86_64 1.9 27.00 NOTE
r-oldrel-windows-x86_64 1.9 7.00 54.00 61.00 NOTE

Check Details

Version: 1.9
Check: Rd files
Result: NOTE checkRd: (-1) likelihood_calculation.Rd:24: Lost braces 24 | For eqn{i = 1\dots N} independent observations in a vector \var{X}, with individual observations \eqn{x_i}{xi}, and a set of parameter values \eqn{\theta}: | ^ checkRd: (-1) simulated_annealing_algorithm.Rd:17: Lost braces in \itemize; meant \describe ? checkRd: (-1) simulated_annealing_algorithm.Rd:18: Lost braces in \itemize; meant \describe ? checkRd: (-1) simulated_annealing_algorithm.Rd:19: Lost braces in \itemize; meant \describe ? checkRd: (-1) simulated_annealing_algorithm.Rd:20: Lost braces in \itemize; meant \describe ? checkRd: (-1) simulated_annealing_algorithm.Rd:21: Lost braces in \itemize; meant \describe ? checkRd: (-1) simulated_annealing_algorithm.Rd:26: Lost braces in \itemize; meant \describe ? checkRd: (-1) simulated_annealing_algorithm.Rd:27: Lost braces in \itemize; meant \describe ? Flavors: r-devel-linux-x86_64-debian-clang, r-devel-linux-x86_64-debian-gcc, r-devel-linux-x86_64-fedora-clang, r-devel-linux-x86_64-fedora-gcc, r-devel-windows-x86_64, r-patched-linux-x86_64, r-release-linux-x86_64, r-release-macos-arm64, r-release-macos-x86_64, r-release-windows-x86_64, r-oldrel-macos-arm64, r-oldrel-macos-x86_64, r-oldrel-windows-x86_64

These binaries (installable software) and packages are in development.
They may not be fully stable and should be used with caution. We make no claims about them.