Last updated on 2025-07-02 03:50:44 CEST.
Flavor | Version | Tinstall | Tcheck | Ttotal | Status | Flags |
---|---|---|---|---|---|---|
r-devel-linux-x86_64-debian-clang | 0.51 | 8.55 | 135.81 | 144.36 | NOTE | |
r-devel-linux-x86_64-debian-gcc | 0.51 | 6.48 | 89.34 | 95.82 | NOTE | |
r-devel-linux-x86_64-fedora-clang | 0.51 | 250.25 | OK | |||
r-devel-linux-x86_64-fedora-gcc | 0.51 | 252.34 | OK | |||
r-devel-windows-x86_64 | 0.51 | 10.00 | 154.00 | 164.00 | OK | |
r-patched-linux-x86_64 | OK | |||||
r-release-linux-x86_64 | 0.51 | 7.77 | 128.23 | 136.00 | OK | |
r-release-macos-arm64 | 0.51 | 76.00 | OK | |||
r-release-macos-x86_64 | 0.51 | 140.00 | OK | |||
r-release-windows-x86_64 | 0.51 | 10.00 | 151.00 | 161.00 | OK | |
r-oldrel-macos-arm64 | 0.51 | 61.00 | OK | |||
r-oldrel-macos-x86_64 | 0.51 | 150.00 | OK | |||
r-oldrel-windows-x86_64 | 0.51 | 12.00 | 183.00 | 195.00 | OK |
Version: 0.51
Check: CRAN incoming feasibility
Result: NOTE
Maintainer: ‘Ruggero Bellio <ruggero.bellio@uniud.it>’
No Authors@R field in DESCRIPTION.
Please add one, modifying
Authors@R: c(person(given = "Ruggero",
family = "Bellio",
role = c("aut", "cre"),
email = "ruggero.bellio@uniud.it"),
person(given = "Donald",
family = "Pierce",
role = "aut"))
as necessary.
Flavors: r-devel-linux-x86_64-debian-clang, r-devel-linux-x86_64-debian-gcc
These binaries (installable software) and packages are in development.
They may not be fully stable and should be used with caution. We make no claims about them.