Last updated on 2025-11-11 15:50:37 CET.
| Flavor | Version | Tinstall | Tcheck | Ttotal | Status | Flags |
|---|---|---|---|---|---|---|
| r-devel-linux-x86_64-debian-clang | 2.1.1 | 50.88 | 356.91 | 407.79 | NOTE | |
| r-devel-linux-x86_64-debian-gcc | 2.1.1 | 37.62 | 261.80 | 299.42 | NOTE | |
| r-devel-linux-x86_64-fedora-clang | 2.1.1 | 114.00 | 524.44 | 638.44 | OK | |
| r-devel-linux-x86_64-fedora-gcc | 2.1.1 | 104.00 | 514.43 | 618.43 | OK | |
| r-devel-windows-x86_64 | 2.1.1 | 53.00 | 294.00 | 347.00 | OK | |
| r-patched-linux-x86_64 | 2.1.1 | 50.88 | 341.70 | 392.58 | OK | |
| r-release-linux-x86_64 | 2.1.1 | 47.90 | 343.18 | 391.08 | OK | |
| r-release-macos-arm64 | 2.1.1 | 10.00 | 5.00 | 15.00 | ERROR | |
| r-release-macos-x86_64 | 2.1.1 | 7.00 | ERROR | |||
| r-release-windows-x86_64 | 2.1.1 | 54.00 | 290.00 | 344.00 | OK | |
| r-oldrel-macos-arm64 | 2.1.1 | 26.00 | 135.00 | 161.00 | OK | |
| r-oldrel-macos-x86_64 | 2.1.1 | 37.00 | 190.00 | 227.00 | OK | |
| r-oldrel-windows-x86_64 | 2.1.1 | 68.00 | 384.00 | 452.00 | OK |
Version: 2.1.1
Check: CRAN incoming feasibility
Result: NOTE
Maintainer: ‘Lana Garmire <lana.garmire.group@gmail.com>’
Package CITATION file contains call(s) to old-style personList() or
as.personList(). Please use c() on person objects instead.
Package CITATION file contains call(s) to old-style citEntry(). Please
use bibentry() instead.
Flavors: r-devel-linux-x86_64-debian-clang, r-devel-linux-x86_64-debian-gcc
Version: 2.1.1
Check: whether package can be installed
Result: ERROR
Installation failed.
Flavor: r-release-macos-arm64
Version: 2.1.1
Check: package dependencies
Result: ERROR
Package required but not available: ‘pathview’
See section ‘The DESCRIPTION file’ in the ‘Writing R Extensions’
manual.
Flavor: r-release-macos-x86_64
These binaries (installable software) and packages are in development.
They may not be fully stable and should be used with caution. We make no claims about them.