CRAN Package Check Results for Package lilikoi

Last updated on 2025-05-08 04:52:09 CEST.

Flavor Version Tinstall Tcheck Ttotal Status Flags
r-devel-linux-x86_64-debian-clang 2.1.1 50.60 341.18 391.78 NOTE
r-devel-linux-x86_64-debian-gcc 2.1.1 35.58 253.08 288.66 NOTE
r-devel-linux-x86_64-fedora-clang 2.1.1 632.14 OK
r-devel-linux-x86_64-fedora-gcc 2.1.1 596.97 OK
r-devel-windows-x86_64 2.1.1 53.00 280.00 333.00 OK
r-patched-linux-x86_64 2.1.1 49.70 324.65 374.35 OK
r-release-linux-x86_64 2.1.1 45.80 321.47 367.27 OK
r-release-macos-arm64 2.1.1 5.00 ERROR
r-release-macos-x86_64 2.1.1 6.00 ERROR
r-release-windows-x86_64 2.1.1 54.00 290.00 344.00 OK
r-oldrel-macos-arm64 2.1.1 161.00 OK
r-oldrel-macos-x86_64 2.1.1 227.00 OK
r-oldrel-windows-x86_64 2.1.1 69.00 367.00 436.00 OK

Check Details

Version: 2.1.1
Check: CRAN incoming feasibility
Result: NOTE Maintainer: ‘Lana Garmire <lana.garmire.group@gmail.com>’ Package CITATION file contains call(s) to old-style personList() or as.personList(). Please use c() on person objects instead. Package CITATION file contains call(s) to old-style citEntry(). Please use bibentry() instead. Flavors: r-devel-linux-x86_64-debian-clang, r-devel-linux-x86_64-debian-gcc

Version: 2.1.1
Check: package dependencies
Result: ERROR Package required but not available: ‘pathview’ See section ‘The DESCRIPTION file’ in the ‘Writing R Extensions’ manual. Flavors: r-release-macos-arm64, r-release-macos-x86_64

These binaries (installable software) and packages are in development.
They may not be fully stable and should be used with caution. We make no claims about them.