CRAN Package Check Results for Package lilikoi

Last updated on 2025-07-22 19:51:52 CEST.

Flavor Version Tinstall Tcheck Ttotal Status Flags
r-devel-linux-x86_64-debian-clang 2.1.1 50.08 340.55 390.63 NOTE
r-devel-linux-x86_64-debian-gcc 2.1.1 36.50 255.43 291.93 NOTE
r-devel-linux-x86_64-fedora-clang 2.1.1 599.76 OK
r-devel-linux-x86_64-fedora-gcc 2.1.1 592.72 OK
r-devel-windows-x86_64 2.1.1 50.00 281.00 331.00 OK
r-patched-linux-x86_64 2.1.1 48.51 326.79 375.30 OK
r-release-linux-x86_64 2.1.1 47.05 324.04 371.09 OK
r-release-macos-arm64 2.1.1 5.00 ERROR
r-release-macos-x86_64 2.1.1 6.00 ERROR
r-release-windows-x86_64 2.1.1 52.00 285.00 337.00 OK
r-oldrel-macos-arm64 2.1.1 161.00 OK
r-oldrel-macos-x86_64 2.1.1 227.00 OK
r-oldrel-windows-x86_64 2.1.1 67.00 374.00 441.00 OK

Check Details

Version: 2.1.1
Check: CRAN incoming feasibility
Result: NOTE Maintainer: ‘Lana Garmire <lana.garmire.group@gmail.com>’ Package CITATION file contains call(s) to old-style personList() or as.personList(). Please use c() on person objects instead. Package CITATION file contains call(s) to old-style citEntry(). Please use bibentry() instead. Flavors: r-devel-linux-x86_64-debian-clang, r-devel-linux-x86_64-debian-gcc

Version: 2.1.1
Check: package dependencies
Result: ERROR Package required but not available: ‘pathview’ See section ‘The DESCRIPTION file’ in the ‘Writing R Extensions’ manual. Flavors: r-release-macos-arm64, r-release-macos-x86_64

These binaries (installable software) and packages are in development.
They may not be fully stable and should be used with caution. We make no claims about them.