Last updated on 2025-02-02 14:48:26 CET.
Flavor | Version | Tinstall | Tcheck | Ttotal | Status | Flags |
---|---|---|---|---|---|---|
r-devel-linux-x86_64-debian-clang | 0.5.3 | 31.95 | 149.22 | 181.17 | NOTE | |
r-devel-linux-x86_64-debian-gcc | 0.5.3 | 22.71 | 103.50 | 126.21 | NOTE | |
r-devel-linux-x86_64-fedora-clang | 0.5.3 | 308.09 | OK | |||
r-devel-linux-x86_64-fedora-gcc | 0.5.3 | 306.06 | OK | |||
r-devel-windows-x86_64 | 0.5.3 | 36.00 | 178.00 | 214.00 | OK | |
r-patched-linux-x86_64 | 0.5.3 | 31.00 | 141.58 | 172.58 | OK | |
r-release-linux-x86_64 | 0.5.3 | 28.60 | 141.79 | 170.39 | OK | |
r-release-macos-arm64 | 0.5.3 | 86.00 | OK | |||
r-release-macos-x86_64 | 0.5.3 | 125.00 | OK | |||
r-release-windows-x86_64 | 0.5.3 | 36.00 | 177.00 | 213.00 | OK | |
r-oldrel-macos-arm64 | 0.5.3 | 95.00 | OK | |||
r-oldrel-macos-x86_64 | 0.5.3 | 147.00 | OK | |||
r-oldrel-windows-x86_64 | 0.5.3 | 43.00 | 219.00 | 262.00 | OK |
Version: 0.5.3
Check: for unstated dependencies in ‘demo’
Result: NOTE
'library' or 'require' calls not declared from:
‘data.table’ ‘magrittr’ ‘purrr’
Flavors: r-devel-linux-x86_64-debian-clang, r-devel-linux-x86_64-debian-gcc
These binaries (installable software) and packages are in development.
They may not be fully stable and should be used with caution. We make no claims about them.