Last updated on 2025-05-01 08:52:37 CEST.
Flavor | Version | Tinstall | Tcheck | Ttotal | Status | Flags |
---|---|---|---|---|---|---|
r-devel-linux-x86_64-debian-clang | 0.1.2 | 4.89 | 72.76 | 77.65 | NOTE | |
r-devel-linux-x86_64-debian-gcc | 0.1.2 | 4.43 | 56.64 | 61.07 | NOTE | |
r-devel-linux-x86_64-fedora-clang | 0.1.2 | 132.91 | OK | |||
r-devel-linux-x86_64-fedora-gcc | 0.1.2 | 137.24 | OK | |||
r-devel-windows-x86_64 | 0.1.2 | 8.00 | 105.00 | 113.00 | NOTE | |
r-patched-linux-x86_64 | 0.1.2 | 5.26 | 72.71 | 77.97 | NOTE | |
r-release-linux-x86_64 | NOTE | |||||
r-release-macos-arm64 | 0.1.2 | 62.00 | OK | |||
r-release-macos-x86_64 | 0.1.2 | 97.00 | OK | |||
r-release-windows-x86_64 | 0.1.2 | 8.00 | 111.00 | 119.00 | NOTE | |
r-oldrel-macos-arm64 | 0.1.2 | 51.00 | OK | |||
r-oldrel-macos-x86_64 | 0.1.2 | 92.00 | OK | |||
r-oldrel-windows-x86_64 | 0.1.2 | 8.00 | 113.00 | 121.00 | OK |
Version: 0.1.2
Check: CRAN incoming feasibility
Result: NOTE
Maintainer: ‘Stuart Lee <stuart.andrew.lee@gmail.com>’
The Description field contains
'Cook' (2020) <arXiv:2012.06077>].
Please refer to arXiv e-prints via their arXiv DOI <doi:10.48550/arXiv.YYMM.NNNNN>.
Flavors: r-devel-linux-x86_64-debian-clang, r-devel-linux-x86_64-debian-gcc
Version: 0.1.2
Check: Rd cross-references
Result: NOTE
Found the following Rd file(s) with Rd \link{} targets missing package
anchors:
morphs.Rd: tourr
Please provide package anchors for all Rd \link{} targets not in the
package itself and the base packages.
Flavors: r-devel-linux-x86_64-debian-clang, r-devel-linux-x86_64-debian-gcc, r-devel-windows-x86_64, r-patched-linux-x86_64, r-release-linux-x86_64, r-release-windows-x86_64
These binaries (installable software) and packages are in development.
They may not be fully stable and should be used with caution. We make no claims about them.