CRAN Package Check Results for Package liminal

Last updated on 2025-02-16 08:50:51 CET.

Flavor Version Tinstall Tcheck Ttotal Status Flags
r-devel-linux-x86_64-debian-clang 0.1.2 5.54 71.34 76.88 NOTE
r-devel-linux-x86_64-debian-gcc 0.1.2 3.81 54.73 58.54 NOTE
r-devel-linux-x86_64-fedora-clang 0.1.2 124.41 OK
r-devel-linux-x86_64-fedora-gcc 0.1.2 147.71 OK
r-devel-macos-arm64 0.1.2 51.00 OK
r-devel-macos-x86_64 0.1.2 85.00 OK
r-devel-windows-x86_64 0.1.2 7.00 98.00 105.00 NOTE
r-patched-linux-x86_64 0.1.2 9.90 70.93 80.83 OK
r-release-linux-x86_64 0.1.2 5.15 70.54 75.69 OK
r-release-macos-arm64 0.1.2 51.00 OK
r-release-macos-x86_64 0.1.2 92.00 OK
r-release-windows-x86_64 0.1.2 7.00 99.00 106.00 OK
r-oldrel-macos-arm64 0.1.2 57.00 OK
r-oldrel-macos-x86_64 0.1.2 78.00 OK
r-oldrel-windows-x86_64 0.1.2 9.00 103.00 112.00 OK

Check Details

Version: 0.1.2
Check: Rd cross-references
Result: NOTE Found the following Rd file(s) with Rd \link{} targets missing package anchors: morphs.Rd: tourr Please provide package anchors for all Rd \link{} targets not in the package itself and the base packages. Flavors: r-devel-linux-x86_64-debian-clang, r-devel-linux-x86_64-debian-gcc, r-devel-windows-x86_64

These binaries (installable software) and packages are in development.
They may not be fully stable and should be used with caution. We make no claims about them.