Last updated on 2025-05-01 08:52:37 CEST.
Flavor | Version | Tinstall | Tcheck | Ttotal | Status | Flags |
---|---|---|---|---|---|---|
r-devel-linux-x86_64-debian-clang | 0.1.0 | 3.80 | 159.81 | 163.61 | NOTE | |
r-devel-linux-x86_64-debian-gcc | 0.1.0 | 2.43 | 109.82 | 112.25 | OK | |
r-devel-linux-x86_64-fedora-clang | 0.1.0 | 263.59 | OK | |||
r-devel-linux-x86_64-fedora-gcc | 0.1.0 | 250.30 | OK | |||
r-devel-windows-x86_64 | 0.1.0 | 6.00 | 156.00 | 162.00 | OK | |
r-patched-linux-x86_64 | 0.1.0 | 3.91 | 153.08 | 156.99 | OK | |
r-release-linux-x86_64 | OK | |||||
r-release-macos-arm64 | 0.1.0 | 119.00 | OK | |||
r-release-macos-x86_64 | 0.1.0 | 180.00 | OK | |||
r-release-windows-x86_64 | 0.1.0 | 7.00 | 160.00 | 167.00 | OK | |
r-oldrel-macos-arm64 | 0.1.0 | 67.00 | OK | |||
r-oldrel-macos-x86_64 | 0.1.0 | 117.00 | OK | |||
r-oldrel-windows-x86_64 | 0.1.0 | 7.00 | 198.00 | 205.00 | OK |
Version: 0.1.0
Check: examples
Result: NOTE
Examples with CPU (user + system) or elapsed time > 5s
user system elapsed
getDiffRhythmStats 5.647 0.177 6.957
getStatsIntervals 4.460 0.012 6.138
getPosteriorSamples 4.384 0.059 6.199
Flavor: r-devel-linux-x86_64-debian-clang
These binaries (installable software) and packages are in development.
They may not be fully stable and should be used with caution. We make no claims about them.