Last updated on 2025-11-24 13:50:01 CET.
| Flavor | Version | Tinstall | Tcheck | Ttotal | Status | Flags |
|---|---|---|---|---|---|---|
| r-devel-linux-x86_64-debian-clang | 1.0 | 6.76 | 73.79 | 80.55 | NOTE | |
| r-devel-linux-x86_64-debian-gcc | 1.0 | 5.33 | 55.36 | 60.69 | NOTE | |
| r-devel-linux-x86_64-fedora-clang | 1.0 | 15.00 | 104.76 | 119.76 | NOTE | |
| r-devel-linux-x86_64-fedora-gcc | 1.0 | 15.00 | 100.62 | 115.62 | NOTE | |
| r-devel-windows-x86_64 | 1.0 | 13.00 | 84.00 | 97.00 | OK | |
| r-patched-linux-x86_64 | 1.0 | 6.74 | 72.17 | 78.91 | OK | |
| r-release-linux-x86_64 | 1.0 | 7.01 | 70.83 | 77.84 | OK | |
| r-release-macos-arm64 | 1.0 | OK | ||||
| r-release-macos-x86_64 | 1.0 | 8.00 | 67.00 | 75.00 | OK | |
| r-release-windows-x86_64 | 1.0 | 10.00 | 100.00 | 110.00 | OK | |
| r-oldrel-macos-arm64 | 1.0 | OK | ||||
| r-oldrel-macos-x86_64 | 1.0 | 7.00 | 69.00 | 76.00 | OK | |
| r-oldrel-windows-x86_64 | 1.0 | 13.00 | 99.00 | 112.00 | OK |
Version: 1.0
Check: CRAN incoming feasibility
Result: NOTE
Maintainer: ‘David Moriña Soler <david.morina@uab.cat>’
No Authors@R field in DESCRIPTION.
Please add one, modifying
Authors@R: person(given = "David",
family = "Moriña",
role = c("aut", "cre"),
email = "david.morina@uab.cat",
comment = "ISGlobal, Centre for Research in Environmental Epidemiology")
as necessary.
Flavors: r-devel-linux-x86_64-debian-clang, r-devel-linux-x86_64-debian-gcc
Version: 1.0
Check: compiled code
Result: NOTE
File ‘linERR/libs/linERR.so’:
Found no calls to: ‘R_registerRoutines’, ‘R_useDynamicSymbols’
It is good practice to register native routines and to disable symbol
search.
See ‘Writing portable packages’ in the ‘Writing R Extensions’ manual.
Flavors: r-devel-linux-x86_64-fedora-clang, r-devel-linux-x86_64-fedora-gcc
These binaries (installable software) and packages are in development.
They may not be fully stable and should be used with caution. We make no claims about them.