CRAN Package Check Results for Package lincom

Last updated on 2025-05-08 04:52:09 CEST.

Flavor Version Tinstall Tcheck Ttotal Status Flags
r-devel-linux-x86_64-debian-clang 1.2 3.00 28.36 31.36 NOTE
r-devel-linux-x86_64-debian-gcc 1.2 2.53 23.03 25.56 NOTE
r-devel-linux-x86_64-fedora-clang 1.2 49.71 OK
r-devel-linux-x86_64-fedora-gcc 1.2 62.05 OK
r-devel-windows-x86_64 1.2 5.00 49.00 54.00 OK
r-patched-linux-x86_64 1.2 2.88 27.27 30.15 OK
r-release-linux-x86_64 1.2 2.54 27.09 29.63 OK
r-release-macos-arm64 1.2 24.00 OK
r-release-macos-x86_64 1.2 45.00 OK
r-release-windows-x86_64 1.2 6.00 50.00 56.00 OK
r-oldrel-macos-arm64 1.2 31.00 OK
r-oldrel-macos-x86_64 1.2 93.00 OK
r-oldrel-windows-x86_64 1.2 6.00 56.00 62.00 OK

Check Details

Version: 1.2
Check: CRAN incoming feasibility
Result: NOTE Maintainer: ‘Yijian Huang <yhuang5@emory.edu>’ No Authors@R field in DESCRIPTION. Please add one, modifying Authors@R: person(given = "Yijian", family = "Huang", role = c("aut", "cre"), email = "yhuang5@emory.edu") as necessary. Flavors: r-devel-linux-x86_64-debian-clang, r-devel-linux-x86_64-debian-gcc

These binaries (installable software) and packages are in development.
They may not be fully stable and should be used with caution. We make no claims about them.