Last updated on 2025-02-16 08:50:51 CET.
Flavor | Version | Tinstall | Tcheck | Ttotal | Status | Flags |
---|---|---|---|---|---|---|
r-devel-linux-x86_64-debian-clang | 0.1 | 21.57 | 22.76 | 44.33 | NOTE | |
r-devel-linux-x86_64-debian-gcc | 0.1 | 18.28 | 18.23 | 36.51 | NOTE | |
r-devel-linux-x86_64-fedora-clang | 0.1 | 86.42 | NOTE | |||
r-devel-linux-x86_64-fedora-gcc | 0.1 | 89.05 | NOTE | |||
r-devel-macos-arm64 | 0.1 | 25.00 | NOTE | |||
r-devel-macos-x86_64 | 0.1 | 42.00 | NOTE | |||
r-devel-windows-x86_64 | 0.1 | 26.00 | 61.00 | 87.00 | NOTE | |
r-patched-linux-x86_64 | 0.1 | 23.88 | 22.09 | 45.97 | NOTE | |
r-release-linux-x86_64 | 0.1 | 23.70 | 21.67 | 45.37 | NOTE | |
r-release-macos-arm64 | 0.1 | 26.00 | NOTE | |||
r-release-macos-x86_64 | 0.1 | 33.00 | NOTE | |||
r-release-windows-x86_64 | 0.1 | 26.00 | 66.00 | 92.00 | NOTE | |
r-oldrel-macos-arm64 | 0.1 | 29.00 | NOTE | |||
r-oldrel-macos-x86_64 | 0.1 | 43.00 | NOTE | |||
r-oldrel-windows-x86_64 | 0.1 | 34.00 | 104.00 | 138.00 | NOTE |
Version: 0.1
Check: C++ specification
Result: NOTE
Specified C++11: please drop specification unless essential
Flavors: r-devel-linux-x86_64-debian-clang, r-devel-linux-x86_64-debian-gcc, r-devel-linux-x86_64-fedora-clang, r-devel-linux-x86_64-fedora-gcc, r-devel-macos-arm64, r-devel-macos-x86_64, r-devel-windows-x86_64, r-patched-linux-x86_64, r-release-linux-x86_64, r-release-macos-arm64, r-release-macos-x86_64, r-release-windows-x86_64, r-oldrel-macos-arm64, r-oldrel-macos-x86_64, r-oldrel-windows-x86_64
These binaries (installable software) and packages are in development.
They may not be fully stable and should be used with caution. We make no claims about them.