CRAN Package Check Results for Package lineartestr

Last updated on 2025-05-03 22:49:58 CEST.

Flavor Version Tinstall Tcheck Ttotal Status Flags
r-devel-linux-x86_64-debian-clang 1.0.0 2.00 33.03 35.03 OK
r-devel-linux-x86_64-debian-gcc 1.0.0 1.60 25.16 26.76 OK
r-devel-linux-x86_64-fedora-clang 1.0.0 51.10 OK
r-devel-linux-x86_64-fedora-gcc 1.0.0 49.74 OK
r-devel-windows-x86_64 1.0.0 3.00 59.00 62.00 OK
r-patched-linux-x86_64 1.0.0 1.86 29.82 31.68 OK
r-release-linux-x86_64 OK
r-release-macos-arm64 1.0.0 21.00 OK
r-release-macos-x86_64 1.0.0 37.00 OK
r-release-windows-x86_64 1.0.0 4.00 57.00 61.00 OK
r-oldrel-macos-arm64 1.0.0 21.00 NOTE
r-oldrel-macos-x86_64 1.0.0 30.00 NOTE
r-oldrel-windows-x86_64 1.0.0 6.00 65.00 71.00 NOTE

Check Details

Version: 1.0.0
Check: LazyData
Result: NOTE 'LazyData' is specified without a 'data' directory Flavors: r-oldrel-macos-arm64, r-oldrel-macos-x86_64, r-oldrel-windows-x86_64

These binaries (installable software) and packages are in development.
They may not be fully stable and should be used with caution. We make no claims about them.