Last updated on 2025-02-19 16:50:52 CET.
Flavor | Version | Tinstall | Tcheck | Ttotal | Status | Flags |
---|---|---|---|---|---|---|
r-devel-linux-x86_64-debian-clang | 1.0.0 | 2.19 | 30.72 | 32.91 | OK | |
r-devel-linux-x86_64-debian-gcc | 1.0.0 | 1.49 | 22.94 | 24.43 | OK | |
r-devel-linux-x86_64-fedora-clang | 1.0.0 | 51.38 | OK | |||
r-devel-linux-x86_64-fedora-gcc | 1.0.0 | 48.53 | OK | |||
r-devel-macos-arm64 | 1.0.0 | 21.00 | OK | |||
r-devel-macos-x86_64 | 1.0.0 | 37.00 | OK | |||
r-devel-windows-x86_64 | 1.0.0 | 5.00 | 65.00 | 70.00 | OK | |
r-patched-linux-x86_64 | 1.0.0 | 1.94 | 28.42 | 30.36 | NOTE | |
r-release-linux-x86_64 | 1.0.0 | 1.86 | 28.56 | 30.42 | NOTE | |
r-release-macos-arm64 | 1.0.0 | 21.00 | NOTE | |||
r-release-macos-x86_64 | 1.0.0 | 30.00 | NOTE | |||
r-release-windows-x86_64 | 1.0.0 | 5.00 | 57.00 | 62.00 | NOTE | |
r-oldrel-macos-arm64 | 1.0.0 | 20.00 | NOTE | |||
r-oldrel-macos-x86_64 | 1.0.0 | 28.00 | NOTE | |||
r-oldrel-windows-x86_64 | 1.0.0 | 5.00 | 62.00 | 67.00 | NOTE |
Version: 1.0.0
Check: LazyData
Result: NOTE
'LazyData' is specified without a 'data' directory
Flavors: r-patched-linux-x86_64, r-release-linux-x86_64, r-release-macos-arm64, r-release-macos-x86_64, r-release-windows-x86_64, r-oldrel-macos-arm64, r-oldrel-macos-x86_64, r-oldrel-windows-x86_64
These binaries (installable software) and packages are in development.
They may not be fully stable and should be used with caution. We make no claims about them.