Last updated on 2025-10-25 01:51:05 CEST.
| Flavor | Version | Tinstall | Tcheck | Ttotal | Status | Flags |
|---|---|---|---|---|---|---|
| r-devel-linux-x86_64-debian-clang | 1.0.0 | 2.21 | 34.19 | 36.40 | OK | |
| r-devel-linux-x86_64-debian-gcc | 1.0.0 | 1.67 | 26.88 | 28.55 | OK | |
| r-devel-linux-x86_64-fedora-clang | 1.0.0 | 53.71 | OK | |||
| r-devel-linux-x86_64-fedora-gcc | 1.0.0 | 50.14 | OK | |||
| r-devel-windows-x86_64 | 1.0.0 | 4.00 | 58.00 | 62.00 | OK | |
| r-patched-linux-x86_64 | 1.0.0 | 1.44 | 31.86 | 33.30 | OK | |
| r-release-linux-x86_64 | 1.0.0 | 2.04 | 31.85 | 33.89 | OK | |
| r-release-macos-arm64 | 1.0.0 | 1.00 | 20.00 | 21.00 | OK | |
| r-release-macos-x86_64 | 1.0.0 | 2.00 | 35.00 | 37.00 | OK | |
| r-release-windows-x86_64 | 1.0.0 | 5.00 | 59.00 | 64.00 | OK | |
| r-oldrel-macos-arm64 | 1.0.0 | 1.00 | 20.00 | 21.00 | NOTE | |
| r-oldrel-macos-x86_64 | 1.0.0 | 2.00 | 28.00 | 30.00 | NOTE | |
| r-oldrel-windows-x86_64 | 1.0.0 | 5.00 | 67.00 | 72.00 | NOTE |
Version: 1.0.0
Check: LazyData
Result: NOTE
'LazyData' is specified without a 'data' directory
Flavors: r-oldrel-macos-arm64, r-oldrel-macos-x86_64, r-oldrel-windows-x86_64
These binaries (installable software) and packages are in development.
They may not be fully stable and should be used with caution. We make no claims about them.