CRAN Package Check Results for Package lingmatch

Last updated on 2025-05-08 04:52:09 CEST.

Flavor Version Tinstall Tcheck Ttotal Status Flags
r-devel-linux-x86_64-debian-clang 1.0.7 52.16 90.95 143.11 NOTE
r-devel-linux-x86_64-debian-gcc 1.0.7 41.37 63.89 105.26 NOTE
r-devel-linux-x86_64-fedora-clang 1.0.7 232.67 OK
r-devel-linux-x86_64-fedora-gcc 1.0.7 255.19 OK
r-devel-windows-x86_64 1.0.7 62.00 119.00 181.00 OK
r-patched-linux-x86_64 1.0.7 57.62 85.57 143.19 OK
r-release-linux-x86_64 1.0.7 56.77 85.08 141.85 OK
r-release-macos-arm64 1.0.7 61.00 OK
r-release-macos-x86_64 1.0.7 135.00 OK
r-release-windows-x86_64 1.0.7 64.00 121.00 185.00 OK
r-oldrel-macos-arm64 1.0.7 40.00 NOTE
r-oldrel-macos-x86_64 1.0.7 64.00 NOTE
r-oldrel-windows-x86_64 1.0.7 74.00 150.00 224.00 OK

Check Details

Version: 1.0.7
Check: CRAN incoming feasibility
Result: NOTE Maintainer: ‘Micah Iserman <micah.iserman@gmail.com>’ No Authors@R field in DESCRIPTION. Please add one, modifying Authors@R: person(given = "Micah", family = "Iserman", role = c("aut", "cre"), email = "micah.iserman@gmail.com") as necessary. Flavors: r-devel-linux-x86_64-debian-clang, r-devel-linux-x86_64-debian-gcc

Version: 1.0.7
Check: installed package size
Result: NOTE installed size is 5.3Mb sub-directories of 1Mb or more: libs 4.8Mb Flavors: r-oldrel-macos-arm64, r-oldrel-macos-x86_64

These binaries (installable software) and packages are in development.
They may not be fully stable and should be used with caution. We make no claims about them.