Last updated on 2025-07-02 03:50:44 CEST.
Flavor | Version | Tinstall | Tcheck | Ttotal | Status | Flags |
---|---|---|---|---|---|---|
r-devel-linux-x86_64-debian-clang | 1.0.7 | 50.32 | 90.40 | 140.72 | NOTE | |
r-devel-linux-x86_64-debian-gcc | 1.0.7 | 40.95 | 64.89 | 105.84 | NOTE | |
r-devel-linux-x86_64-fedora-clang | 1.0.7 | 232.20 | OK | |||
r-devel-linux-x86_64-fedora-gcc | 1.0.7 | 240.53 | OK | |||
r-devel-windows-x86_64 | 1.0.7 | 62.00 | 124.00 | 186.00 | OK | |
r-patched-linux-x86_64 | OK | |||||
r-release-linux-x86_64 | 1.0.7 | 55.71 | 85.11 | 140.82 | OK | |
r-release-macos-arm64 | 1.0.7 | 61.00 | OK | |||
r-release-macos-x86_64 | 1.0.7 | 135.00 | OK | |||
r-release-windows-x86_64 | 1.0.7 | 63.00 | 117.00 | 180.00 | OK | |
r-oldrel-macos-arm64 | 1.0.7 | 40.00 | NOTE | |||
r-oldrel-macos-x86_64 | 1.0.7 | 64.00 | NOTE | |||
r-oldrel-windows-x86_64 | 1.0.7 | 77.00 | 155.00 | 232.00 | OK |
Version: 1.0.7
Check: CRAN incoming feasibility
Result: NOTE
Maintainer: ‘Micah Iserman <micah.iserman@gmail.com>’
No Authors@R field in DESCRIPTION.
Please add one, modifying
Authors@R: person(given = "Micah",
family = "Iserman",
role = c("aut", "cre"),
email = "micah.iserman@gmail.com")
as necessary.
Flavors: r-devel-linux-x86_64-debian-clang, r-devel-linux-x86_64-debian-gcc
Version: 1.0.7
Check: installed package size
Result: NOTE
installed size is 5.3Mb
sub-directories of 1Mb or more:
libs 4.8Mb
Flavors: r-oldrel-macos-arm64, r-oldrel-macos-x86_64
These binaries (installable software) and packages are in development.
They may not be fully stable and should be used with caution. We make no claims about them.