Last updated on 2025-10-23 17:50:52 CEST.
Flavor | Version | Tinstall | Tcheck | Ttotal | Status | Flags |
---|---|---|---|---|---|---|
r-devel-linux-x86_64-debian-clang | 1.0.7 | 52.48 | 94.18 | 146.66 | NOTE | |
r-devel-linux-x86_64-debian-gcc | 1.0.7 | 40.11 | 64.24 | 104.35 | NOTE | |
r-devel-linux-x86_64-fedora-clang | 1.0.7 | 127.00 | 111.91 | 238.91 | OK | |
r-devel-linux-x86_64-fedora-gcc | 1.0.7 | 111.00 | 129.77 | 240.77 | OK | |
r-devel-windows-x86_64 | 1.0.7 | 62.00 | 118.00 | 180.00 | OK | |
r-patched-linux-x86_64 | 1.0.7 | 53.54 | 86.30 | 139.84 | OK | |
r-release-linux-x86_64 | 1.0.7 | 54.99 | 88.05 | 143.04 | OK | |
r-release-macos-arm64 | 1.0.7 | 22.00 | 39.00 | 61.00 | OK | |
r-release-macos-x86_64 | 1.0.7 | 36.00 | 99.00 | 135.00 | OK | |
r-release-windows-x86_64 | 1.0.7 | 65.00 | 123.00 | 188.00 | OK | |
r-oldrel-macos-arm64 | 1.0.7 | 12.00 | 28.00 | 40.00 | NOTE | |
r-oldrel-macos-x86_64 | 1.0.7 | 14.00 | 50.00 | 64.00 | NOTE | |
r-oldrel-windows-x86_64 | 1.0.7 | 76.00 | 149.00 | 225.00 | OK |
Version: 1.0.7
Check: CRAN incoming feasibility
Result: NOTE
Maintainer: ‘Micah Iserman <micah.iserman@gmail.com>’
No Authors@R field in DESCRIPTION.
Please add one, modifying
Authors@R: person(given = "Micah",
family = "Iserman",
role = c("aut", "cre"),
email = "micah.iserman@gmail.com")
as necessary.
Flavors: r-devel-linux-x86_64-debian-clang, r-devel-linux-x86_64-debian-gcc
Version: 1.0.7
Check: installed package size
Result: NOTE
installed size is 5.3Mb
sub-directories of 1Mb or more:
libs 4.8Mb
Flavors: r-oldrel-macos-arm64, r-oldrel-macos-x86_64
These binaries (installable software) and packages are in development.
They may not be fully stable and should be used with caution. We make no claims about them.