Last updated on 2025-02-16 08:50:51 CET.
Flavor | Version | Tinstall | Tcheck | Ttotal | Status | Flags |
---|---|---|---|---|---|---|
r-devel-linux-x86_64-debian-clang | 1.1.20 | 6.76 | 74.68 | 81.44 | NOTE | |
r-devel-linux-x86_64-debian-gcc | 1.1.20 | 4.85 | 56.46 | 61.31 | NOTE | |
r-devel-linux-x86_64-fedora-clang | 1.1.20 | 134.87 | NOTE | |||
r-devel-linux-x86_64-fedora-gcc | 1.1.20 | 139.92 | NOTE | |||
r-devel-macos-arm64 | 1.1.20 | 59.00 | OK | |||
r-devel-macos-x86_64 | 1.1.20 | 114.00 | NOTE | |||
r-devel-windows-x86_64 | 1.1.20 | 10.00 | 114.00 | 124.00 | NOTE | |
r-patched-linux-x86_64 | 1.1.20 | 7.24 | 70.39 | 77.63 | OK | |
r-release-linux-x86_64 | 1.1.20 | 6.90 | 71.02 | 77.92 | OK | |
r-release-macos-arm64 | 1.1.20 | 55.00 | OK | |||
r-release-macos-x86_64 | 1.1.20 | 89.00 | OK | |||
r-release-windows-x86_64 | 1.1.20 | 10.00 | 112.00 | 122.00 | OK | |
r-oldrel-macos-arm64 | 1.1.20 | 65.00 | OK | |||
r-oldrel-macos-x86_64 | 1.1.20 | 92.00 | OK | |||
r-oldrel-windows-x86_64 | 1.1.20 | 12.00 | 121.00 | 133.00 | OK |
Version: 1.1.20
Check: DESCRIPTION meta-information
Result: NOTE
Missing dependency on R >= 4.1.0 because package code uses the pipe
|> or function shorthand \(...) syntax added in R 4.1.0.
File(s) using such syntax:
‘map.feature.R’
Flavors: r-devel-linux-x86_64-debian-clang, r-devel-linux-x86_64-debian-gcc, r-devel-linux-x86_64-fedora-clang, r-devel-linux-x86_64-fedora-gcc, r-devel-macos-x86_64, r-devel-windows-x86_64
These binaries (installable software) and packages are in development.
They may not be fully stable and should be used with caution. We make no claims about them.