Last updated on 2025-10-23 17:50:52 CEST.
Flavor | Version | Tinstall | Tcheck | Ttotal | Status | Flags |
---|---|---|---|---|---|---|
r-devel-linux-x86_64-debian-clang | 1.1.24 | 7.03 | 79.29 | 86.32 | NOTE | |
r-devel-linux-x86_64-debian-gcc | 1.1.24 | 4.48 | 58.58 | 63.06 | OK | |
r-devel-linux-x86_64-fedora-clang | 1.1.24 | 18.00 | 115.02 | 133.02 | OK | |
r-devel-linux-x86_64-fedora-gcc | 1.1.24 | 15.00 | 126.92 | 141.92 | OK | |
r-devel-windows-x86_64 | 1.1.24 | 10.00 | 117.00 | 127.00 | OK | |
r-patched-linux-x86_64 | 1.1.24 | 7.37 | 76.17 | 83.54 | OK | |
r-release-linux-x86_64 | 1.1.24 | 6.38 | 75.52 | 81.90 | OK | |
r-release-macos-arm64 | 1.1.24 | 6.00 | 52.00 | 58.00 | OK | |
r-release-macos-x86_64 | 1.1.24 | 10.00 | 154.00 | 164.00 | OK | |
r-release-windows-x86_64 | 1.1.24 | 11.00 | 117.00 | 128.00 | OK | |
r-oldrel-macos-arm64 | 1.1.24 | 4.00 | 56.00 | 60.00 | OK | |
r-oldrel-macos-x86_64 | 1.1.24 | 14.00 | 168.00 | 182.00 | OK | |
r-oldrel-windows-x86_64 | 1.1.24 | 12.00 | 137.00 | 149.00 | OK |
Version: 1.1.24
Check: HTML version of manual
Result: NOTE
Found the following HTML validation problems:
atlas.database.html:73:1 (atlas.database.Rd:27): Warning: missing </ul> before </div>
polygon.points_fd.html:54:1 (polygon.points_fd.Rd:14): Warning: missing </ul> before </div>
polygon.points_kde.html:58:1 (polygon.points_kde.Rd:16): Warning: missing </ul> before </div>
Flavor: r-devel-linux-x86_64-debian-clang
These binaries (installable software) and packages are in development.
They may not be fully stable and should be used with caution. We make no claims about them.