Last updated on 2025-02-16 08:50:51 CET.
Flavor | Version | Tinstall | Tcheck | Ttotal | Status | Flags |
---|---|---|---|---|---|---|
r-devel-linux-x86_64-debian-clang | 2024.4.0 | 2.41 | 23.70 | 26.11 | NOTE | |
r-devel-linux-x86_64-debian-gcc | 2024.4.0 | 2.02 | 18.90 | 20.92 | NOTE | |
r-devel-linux-x86_64-fedora-clang | 2024.4.0 | 46.02 | NOTE | |||
r-devel-linux-x86_64-fedora-gcc | 2024.4.0 | 38.45 | NOTE | |||
r-devel-macos-arm64 | 2024.4.0 | 18.00 | OK | |||
r-devel-macos-x86_64 | 2024.4.0 | 31.00 | NOTE | |||
r-devel-windows-x86_64 | 2024.4.0 | 4.00 | 44.00 | 48.00 | NOTE | |
r-patched-linux-x86_64 | 2024.4.0 | 2.57 | 22.82 | 25.39 | OK | |
r-release-linux-x86_64 | 2024.4.0 | 2.37 | 22.72 | 25.09 | OK | |
r-release-macos-arm64 | 2024.4.0 | 19.00 | OK | |||
r-release-macos-x86_64 | 2024.4.0 | 29.00 | OK | |||
r-release-windows-x86_64 | 2024.4.0 | 4.00 | 45.00 | 49.00 | OK | |
r-oldrel-macos-arm64 | 2024.4.0 | 24.00 | OK | |||
r-oldrel-macos-x86_64 | 2024.4.0 | 74.00 | OK | |||
r-oldrel-windows-x86_64 | 2024.4.0 | 5.00 | 68.00 | 73.00 | OK |
Version: 2024.4.0
Check: DESCRIPTION meta-information
Result: NOTE
Missing dependency on R >= 4.1.0 because package code uses the pipe
|> or function shorthand \(...) syntax added in R 4.1.0.
File(s) using such syntax:
‘auto.R’
Flavors: r-devel-linux-x86_64-debian-clang, r-devel-linux-x86_64-debian-gcc, r-devel-linux-x86_64-fedora-clang, r-devel-linux-x86_64-fedora-gcc, r-devel-macos-x86_64, r-devel-windows-x86_64
These binaries (installable software) and packages are in development.
They may not be fully stable and should be used with caution. We make no claims about them.