CRAN Package Check Results for Package linkprediction

Last updated on 2025-02-16 08:50:51 CET.

Flavor Version Tinstall Tcheck Ttotal Status Flags
r-devel-linux-x86_64-debian-clang 1.0-0 1.59 27.55 29.14 OK
r-devel-linux-x86_64-debian-gcc 1.0-0 1.79 21.83 23.62 OK
r-devel-linux-x86_64-fedora-clang 1.0-0 49.98 OK
r-devel-linux-x86_64-fedora-gcc 1.0-0 61.48 OK
r-devel-macos-arm64 1.0-0 26.00 OK
r-devel-macos-x86_64 1.0-0 50.00 OK
r-devel-windows-x86_64 1.0-0 3.00 47.00 50.00 OK
r-patched-linux-x86_64 1.0-0 1.88 25.89 27.77 NOTE
r-release-linux-x86_64 1.0-0 1.94 25.85 27.79 NOTE
r-release-macos-arm64 1.0-0 25.00 NOTE
r-release-macos-x86_64 1.0-0 35.00 NOTE
r-release-windows-x86_64 1.0-0 4.00 48.00 52.00 NOTE
r-oldrel-macos-arm64 1.0-0 27.00 NOTE
r-oldrel-macos-x86_64 1.0-0 33.00 NOTE
r-oldrel-windows-x86_64 1.0-0 4.00 78.00 82.00 NOTE

Check Details

Version: 1.0-0
Check: LazyData
Result: NOTE 'LazyData' is specified without a 'data' directory Flavors: r-patched-linux-x86_64, r-release-linux-x86_64, r-release-macos-arm64, r-release-macos-x86_64, r-release-windows-x86_64, r-oldrel-macos-arm64, r-oldrel-macos-x86_64, r-oldrel-windows-x86_64

These binaries (installable software) and packages are in development.
They may not be fully stable and should be used with caution. We make no claims about them.