Last updated on 2025-02-16 08:50:51 CET.
Flavor | Version | Tinstall | Tcheck | Ttotal | Status | Flags |
---|---|---|---|---|---|---|
r-devel-linux-x86_64-debian-clang | 1.3.0 | 8.45 | 82.02 | 90.47 | OK | |
r-devel-linux-x86_64-debian-gcc | 1.3.0 | 5.88 | 58.82 | 64.70 | OK | |
r-devel-linux-x86_64-fedora-clang | 1.3.0 | 151.14 | OK | |||
r-devel-linux-x86_64-fedora-gcc | 1.3.0 | 148.16 | OK | |||
r-devel-macos-arm64 | 1.3.0 | 48.00 | OK | |||
r-devel-macos-x86_64 | 1.3.0 | 85.00 | OK | |||
r-devel-windows-x86_64 | 1.3.0 | 11.00 | 98.00 | 109.00 | OK | |
r-patched-linux-x86_64 | 1.3.0 | 8.49 | 75.83 | 84.32 | NOTE | |
r-release-linux-x86_64 | 1.3.0 | 7.52 | 75.78 | 83.30 | NOTE | |
r-release-macos-arm64 | 1.3.0 | 49.00 | NOTE | |||
r-release-macos-x86_64 | 1.3.0 | 124.00 | NOTE | |||
r-release-windows-x86_64 | 1.3.0 | 13.00 | 96.00 | 109.00 | NOTE | |
r-oldrel-macos-arm64 | 1.3.0 | 44.00 | NOTE | |||
r-oldrel-macos-x86_64 | 1.3.0 | 82.00 | NOTE | |||
r-oldrel-windows-x86_64 | 1.3.0 | 13.00 | 105.00 | 118.00 | NOTE |
Version: 1.3.0
Check: LazyData
Result: NOTE
'LazyData' is specified without a 'data' directory
Flavors: r-patched-linux-x86_64, r-release-linux-x86_64, r-release-macos-arm64, r-release-macos-x86_64, r-release-windows-x86_64, r-oldrel-macos-arm64, r-oldrel-macos-x86_64, r-oldrel-windows-x86_64
These binaries (installable software) and packages are in development.
They may not be fully stable and should be used with caution. We make no claims about them.