CRAN Package Check Results for Package linkspotter

Last updated on 2025-05-08 04:52:09 CEST.

Flavor Version Tinstall Tcheck Ttotal Status Flags
r-devel-linux-x86_64-debian-clang 1.3.0 9.67 89.63 99.30 OK
r-devel-linux-x86_64-debian-gcc 1.3.0 6.18 62.00 68.18 OK
r-devel-linux-x86_64-fedora-clang 1.3.0 141.76 OK
r-devel-linux-x86_64-fedora-gcc 1.3.0 159.33 OK
r-devel-windows-x86_64 1.3.0 10.00 99.00 109.00 OK
r-patched-linux-x86_64 1.3.0 9.52 84.20 93.72 OK
r-release-linux-x86_64 1.3.0 8.31 83.49 91.80 OK
r-release-macos-arm64 1.3.0 47.00 OK
r-release-macos-x86_64 1.3.0 85.00 OK
r-release-windows-x86_64 1.3.0 13.00 101.00 114.00 OK
r-oldrel-macos-arm64 1.3.0 49.00 NOTE
r-oldrel-macos-x86_64 1.3.0 124.00 NOTE
r-oldrel-windows-x86_64 1.3.0 15.00 122.00 137.00 NOTE

Check Details

Version: 1.3.0
Check: LazyData
Result: NOTE 'LazyData' is specified without a 'data' directory Flavors: r-oldrel-macos-arm64, r-oldrel-macos-x86_64, r-oldrel-windows-x86_64

These binaries (installable software) and packages are in development.
They may not be fully stable and should be used with caution. We make no claims about them.