CRAN Package Check Results for Package linl

Last updated on 2025-10-23 17:50:52 CEST.

Flavor Version Tinstall Tcheck Ttotal Status Flags
r-devel-linux-x86_64-debian-clang 0.0.5 2.43 33.68 36.11 NOTE
r-devel-linux-x86_64-debian-gcc 0.0.5 2.00 26.83 28.83 NOTE
r-devel-linux-x86_64-fedora-clang 0.0.5 53.38 OK
r-devel-linux-x86_64-fedora-gcc 0.0.5 64.37 OK
r-devel-windows-x86_64 0.0.5 5.00 56.00 61.00 OK
r-patched-linux-x86_64 0.0.5 2.33 31.04 33.37 OK
r-release-linux-x86_64 0.0.5 2.56 31.30 33.86 OK
r-release-macos-arm64 0.0.5 2.00 55.00 57.00 OK
r-release-macos-x86_64 0.0.5 2.00 55.00 57.00 OK
r-release-windows-x86_64 0.0.5 5.00 58.00 63.00 OK
r-oldrel-macos-arm64 0.0.5 1.00 25.00 26.00 OK
r-oldrel-macos-x86_64 0.0.5 2.00 37.00 39.00 OK
r-oldrel-windows-x86_64 0.0.5 5.00 64.00 69.00 OK

Check Details

Version: 0.0.5
Check: CRAN incoming feasibility
Result: NOTE Maintainer: ‘Dirk Eddelbuettel <edd@debian.org>’ No Authors@R field in DESCRIPTION. Please add one, modifying Authors@R: c(person(given = "Dirk", family = "Eddelbuettel", role = c("aut", "cre"), email = "edd@debian.org"), person(given = "Aaron", family = "Wolen", role = "aut")) as necessary. Flavors: r-devel-linux-x86_64-debian-clang, r-devel-linux-x86_64-debian-gcc

These binaries (installable software) and packages are in development.
They may not be fully stable and should be used with caution. We make no claims about them.